{"id":9666,"date":"2026-09-03T09:22:55","date_gmt":"2026-09-03T15:22:55","guid":{"rendered":"https:\/\/citedesrocheuses.com\/?post_type=tribe_events&#038;p=9666"},"modified":"2026-09-03T09:23:03","modified_gmt":"2026-09-03T15:23:03","slug":"jan-bojarski-the-cezanne-of-counterfeit-money","status":"publish","type":"tribe_events","link":"https:\/\/citedesrocheuses.com\/en\/evenement\/jan-bojarski-the-cezanne-of-counterfeit-money\/","title":{"rendered":"Cinema: The Counterfeiter"},"content":{"rendered":"<p>[et_pb_section fb_built=\u00a0\u00bb1&Prime; _builder_version=\u00a0\u00bb4.27.4&Prime; collapsed=\u00a0\u00bboff\u00a0\u00bb global_colors_info=\u00a0\u00bb{}\u00a0\u00bb][et_pb_row _builder_version=\u00a0\u00bb4.27.4&Prime; _module_preset=\u00a0\u00bbdefault\u00a0\u00bb locked=\u00a0\u00bboff\u00a0\u00bb global_colors_info=\u00a0\u00bb{}\u00a0\u00bb][et_pb_column type=\u00a0\u00bb4_4&Prime; _builder_version=\u00a0\u00bb4.20.2&Prime; _module_preset=\u00a0\u00bbdefault\u00a0\u00bb global_colors_info=\u00a0\u00bb{}\u00a0\u00bb][et_pb_button button_url=\u00a0\u00bbhttps:\/\/thepointofsale.com\/tickets\/le-faux-monnayeur?\u00a0\u00bb button_text=\u00a0\u00bbBilletterie\u00a0\u00bb _builder_version=\u00a0\u00bb4.27.7&Prime; _module_preset=\u00a0\u00bbdefault\u00a0\u00bb hover_enabled=\u00a0\u00bb0&Prime; global_colors_info=\u00a0\u00bb{}\u00a0\u00bb sticky_enabled=\u00a0\u00bb0&Prime;][\/et_pb_button][\/et_pb_column][\/et_pb_row][et_pb_row _builder_version=\u00a0\u00bb4.16&Prime; background_size=\u00a0\u00bbinitial\u00a0\u00bb background_position=\u00a0\u00bbtop_left\u00a0\u00bb background_repeat=\u00a0\u00bbrepeat\u00a0\u00bb global_colors_info=\u00a0\u00bb{}\u00a0\u00bb][et_pb_column type=\u00a0\u00bb4_4&Prime; _builder_version=\u00a0\u00bb4.16&Prime; custom_padding=\u00a0\u00bb|||\u00a0\u00bb global_colors_info=\u00a0\u00bb{}\u00a0\u00bb custom_padding__hover=\u00a0\u00bb|||\u00a0\u00bb][et_pb_text admin_label=\u00a0\u00bbTITRE\u00a0\u00bb _builder_version=\u00a0\u00bb4.27.7&Prime; _module_preset=\u00a0\u00bbdefault\u00a0\u00bb hover_enabled=\u00a0\u00bb0&Prime; global_colors_info=\u00a0\u00bb{}\u00a0\u00bb sticky_enabled=\u00a0\u00bb0&Prime;]<\/p>\n<h1><strong>Le faux monnayeur<\/strong><\/h1>\n<p>[\/et_pb_text][et_pb_text admin_label=\u00a0\u00bbDescription du spectacle\u00a0\u00bb _builder_version=\u00a0\u00bb4.27.7&Prime; background_size=\u00a0\u00bbinitial\u00a0\u00bb background_position=\u00a0\u00bbtop_left\u00a0\u00bb background_repeat=\u00a0\u00bbrepeat\u00a0\u00bb hover_enabled=\u00a0\u00bb0&Prime; global_colors_info=\u00a0\u00bb{}\u00a0\u00bb sticky_enabled=\u00a0\u00bb0&Prime;]<\/p>\n<div class=\"sc-89427c75-3 foJWCy\">\n<div class=\"sc-dcbc0103-0 fRoBlK\">\n<div>\n<h2>Projections<\/h2>\n<h3>Jeudi 1er octobre<\/h3>\n<ul>\n<li>11 h 00 \u00e0 13 h 00<\/li>\n<li>17 h 00 \u00e0 19 h 00<\/li>\n<li>19 h 30 \u00e0 21 h 30<\/li>\n<\/ul>\n<h3>Vendredi 2 octobre<\/h3>\n<ul>\n<li>11 h 00 \u00e0 13 h 00<\/li>\n<li>17 h 00 \u00e0 19 h 00<\/li>\n<li>19 h 30 \u00e0 21 h 30<\/li>\n<\/ul>\n<h3>Samedi 3 octobre<\/h3>\n<ul>\n<li>11 h 00 \u00e0 13 h 00<\/li>\n<\/ul>\n<h3>Dimanche 4 octobre<\/h3>\n<ul>\n<li>11 h 00 \u00e0 13 h 00<\/li>\n<li>17 h 00 \u00e0 19 h 00<\/li>\n<li>19 h 30 \u00e0 21 h 30<\/li>\n<\/ul>\n<h2>Synopsis<\/h2>\n<p>Drame d\u2019\u00e9poque inspir\u00e9 d\u2019une histoire vraie, <strong>L\u2019Affaire Jan Bojarski<\/strong> retrace le destin extraordinaire d\u2019un jeune r\u00e9fugi\u00e9 polonais qui devient, dans la France de l\u2019apr\u00e8s-guerre, le plus grand faux-monnayeur de son temps, surnomm\u00e9 le <strong>\u00ab C\u00e9zanne de la fausse monnaie \u00bb<\/strong>.<\/p>\n<p>Pendant plus de quinze ans, Jan Bojarski m\u00e8ne une double vie \u00e0 l\u2019insu de sa famille. Seul, dans un modeste cabanon au fond de son jardin, il fabrique des billets contrefaits d\u2019une qualit\u00e9 si remarquable qu\u2019ils paraissent parfois plus authentiques que ceux \u00e9mis par la Banque de France.<\/p>\n<p>Durant toutes ces ann\u00e9es, ce faussaire d\u2019exception d\u00e9joue les enqu\u00eates polici\u00e8res et devient l\u2019ennemi jur\u00e9 du commissaire Mattei. S\u2019engage alors une traque acharn\u00e9e qui, port\u00e9e par l\u2019obsession des deux hommes, finit par prendre la forme d\u2019un v\u00e9ritable duel.<\/p>\n<\/div>\n<\/div>\n<\/div>\n<div class=\"sc-89427c75-4 ezHJNI\">\n<div class=\"sc-89427c75-6 hxeGuF\">\n<div class=\"sc-89427c75-11 oYccc\">\n<section class=\"sc-dcbc0103-4 iyqidu\">\n<div class=\"sc-dcbc0103-3 kizyQE\">\u00a0<\/div>\n<\/section>\n<\/div>\n<\/div>\n<\/div>\n<p>[\/et_pb_text][et_pb_code _builder_version=\u00a0\u00bb4.27.7&Prime; _module_preset=\u00a0\u00bbdefault\u00a0\u00bb hover_enabled=\u00a0\u00bb0&Prime; global_colors_info=\u00a0\u00bb{}\u00a0\u00bb sticky_enabled=\u00a0\u00bb0&Prime;]<iframe loading=\"lazy\" width=\"560\" height=\"315\" src=\"https:\/\/www.youtube.com\/embed\/2O8Ab7R45kM?si=qonsc4C7g9dUwKVQ\" title=\"YouTube video player\" frameborder=\"0\" allow=\"accelerometer; autoplay; clipboard-write; encrypted-media; gyroscope; picture-in-picture; web-share\" referrerpolicy=\"strict-origin-when-cross-origin\" allowfullscreen><\/iframe>[\/et_pb_code][\/et_pb_column][\/et_pb_row][\/et_pb_section]<\/p>\n","protected":false},"excerpt":{"rendered":"<p>Inspired by a true story, The Jan Bojarski Affair follows a young Polish refugee who becomes postwar France&#039;s most elusive master counterfeiter. For over fifteen years, he secretly leads a double life, producing banknotes of extraordinary quality while evading capture. As Commissioner Mattei closes in, a relentless cat-and-mouse pursuit unfolds, transforming an investigation into a gripping personal duel.<\/p>","protected":false},"author":1,"featured_media":9669,"template":"","meta":{"_et_pb_use_builder":"on","_et_pb_old_content":"<p>Humoriste britannique, Paul Taylor vit \u00e0 Paris depuis 2009. Passionn\u00e9 de stand-up, il fait ses d\u00e9buts sur sc\u00e8ne en 2016 avec son premier spectacle bilingue \u00ab\u00a0<i><strong>#FRANGLAIS<\/strong><\/i>\u00a0\u00bb. Un show dans lequel il nous fait partager ses exp\u00e9riences d\u2019expatri\u00e9 en France, souvent li\u00e9es aux quiproquos linguistiques.<\/p><p>Entre 2016 et 2019, Paul a \u00e9galement cr\u00e9\u00e9 du contenu audiovisuel pour le groupe Canal +, d\u2019abord avec ses programmes courts \u00ab\u00a0<i><strong>What The Fuck France<\/strong><\/i>\u00a0\u00bb et \u00ab\u00a0<i><strong>What\u2019s Up France<\/strong><\/i><strong>\u00a0<\/strong>\u00bb, puis avec sa s\u00e9rie documentaire \u00ab\u00a0<i><strong>Stereotrip<\/strong><\/i><strong>\u00a0<\/strong>\u00bb. Sa marque de fabrique : d\u00e9crypter avec un humour d\u00e9capant, mais toujours bienveillant, les petites manies et habitudes culturelles des Fran\u00e7ais et de nos voisins europ\u00e9ens\u00a0! Gr\u00e2ce \u00e0 ces formats, Paul devient tr\u00e8s vite un ph\u00e9nom\u00e8ne sur les r\u00e9seaux sociaux. Pr\u00e8s de\u00a0<strong>200 millions<\/strong>\u00a0de vues cumul\u00e9es, des milliers d\u2019abonn\u00e9s sur Instagram, Facebook ou encore YouTube. Il se transforme \u00e9galement en humoriste \u00e0 succ\u00e8s, remplissant les salles les plus prestigieuses \u00e0 Paris, en France et partout dans le monde.<\/p><p>Son deuxi\u00e8me spectacle \u00ab\u00a0<strong><em>So British ou presque<\/em><\/strong>\u00a0\u00bb d\u00e9bute alors en octobre 2019 et aborde des sujets plus personnels comme la parentalit\u00e9 et la crise d\u2019identit\u00e9. Apr\u00e8s un arr\u00eat brutal \u00e0 cause de la crise sanitaire du Covid-19, Les repr\u00e9sentations reprennent, le succ\u00e8s est \u00e0 nouveau au rendez-vous. Paul jouera \u00ab\u00a0So British\u2026\u00a0\u00bb et affichera\u00a0<strong>COMPLET<\/strong>\u00a0au\u00a0<strong>Grand Rex<\/strong>\u00a0\u00e0 Paris ou encore\u00a0<strong>l\u2019O2 Sheperd\u2019s Bush Empire<\/strong>\u00a0\u00e0 Londres, salle o\u00f9 il fera la captation de son spectacle, disponible d\u00e8s \u00e0 pr\u00e9sent sur Youtube en int\u00e9gralit\u00e9.<\/p><p>Fin 2022, il d\u00e9cide de lancer son troisi\u00e8me spectacle, \u00ab\u00a0<strong>Bisou Bye\u00a0x<\/strong>\u00a0\u00bb. D\u2019abord en rodage \u00e0 la Scala Paris, lors de 19 repr\u00e9sentations affichant COMPLET, il a ensuite\u00a0<strong>f\u00eat\u00e9 ses 10 ans de carri\u00e8re \u00e0 la Cigale, le 4 janvier 2023<\/strong>\u00a0! Il sera \u00e0 la Nouvelle Eve du 19 janvier au 1er\u00a0avril 2023, puis partira en tourn\u00e9e dans le monde entier\u00a0! Le ph\u00e9nom\u00e8ne Taylor n\u2019en est qu\u2019\u00e0 son d\u00e9but.<\/p>","_et_gb_content_width":"","_tribe_events_status":"","_tribe_events_status_reason":"","footnotes":""},"tags":[],"tribe_events_cat":[42,56],"class_list":["post-9666","tribe_events","type-tribe_events","status-publish","has-post-thumbnail","hentry","tribe_events_cat-cinema","tribe_events_cat-cite-des-rocheuses","cat_cinema","cat_cite-des-rocheuses"],"_links":{"self":[{"href":"https:\/\/citedesrocheuses.com\/en\/wp-json\/wp\/v2\/tribe_events\/9666","targetHints":{"allow":["GET"]}}],"collection":[{"href":"https:\/\/citedesrocheuses.com\/en\/wp-json\/wp\/v2\/tribe_events"}],"about":[{"href":"https:\/\/citedesrocheuses.com\/en\/wp-json\/wp\/v2\/types\/tribe_events"}],"author":[{"embeddable":true,"href":"https:\/\/citedesrocheuses.com\/en\/wp-json\/wp\/v2\/users\/1"}],"version-history":[{"count":4,"href":"https:\/\/citedesrocheuses.com\/en\/wp-json\/wp\/v2\/tribe_events\/9666\/revisions"}],"predecessor-version":[{"id":9672,"href":"https:\/\/citedesrocheuses.com\/en\/wp-json\/wp\/v2\/tribe_events\/9666\/revisions\/9672"}],"wp:featuredmedia":[{"embeddable":true,"href":"https:\/\/citedesrocheuses.com\/en\/wp-json\/wp\/v2\/media\/9669"}],"wp:attachment":[{"href":"https:\/\/citedesrocheuses.com\/en\/wp-json\/wp\/v2\/media?parent=9666"}],"wp:term":[{"taxonomy":"post_tag","embeddable":true,"href":"https:\/\/citedesrocheuses.com\/en\/wp-json\/wp\/v2\/tags?post=9666"},{"taxonomy":"tribe_events_cat","embeddable":true,"href":"https:\/\/citedesrocheuses.com\/en\/wp-json\/wp\/v2\/tribe_events_cat?post=9666"}],"curies":[{"name":"wp","href":"https:\/\/api.w.org\/{rel}","templated":true}]}}

<p>[et_pb_section fb_built= »1&Prime; _builder_version= »4.27.4&Prime; collapsed= »off » global_colors_info= »{} »][et_pb_row _builder_version= »4.27.4&Prime; _module_preset= »default » locked= »off » global_colors_info= »{} »][et_pb_column type= »4_4&Prime; _builder_version= »4.20.2&Prime; _module_preset= »default » global_colors_info= »{} »][et_pb_button button_url= »https://thepointofsale.com/tickets/le-faux-monnayeur? » button_text= »Billetterie » _builder_version= »4.27.7&Prime; _module_preset= »default » hover_enabled= »0&Prime; global_colors_info= »{} » sticky_enabled= »0&Prime;][/et_pb_button][/et_pb_column][/et_pb_row][et_pb_row _builder_version= »4.16&Prime; background_size= »initial » background_position= »top_left » background_repeat= »repeat » global_colors_info= »{} »][et_pb_column type= »4_4&Prime; _builder_version= »4.16&Prime; custom_padding= »||| » global_colors_info= »{} » custom_padding__hover= »||| »][et_pb_text admin_label= »TITRE » _builder_version= »4.27.7&Prime; _module_preset= »default » hover_enabled= »0&Prime; global_colors_info= »{} » sticky_enabled= »0&Prime;]</p>
<h1><strong>Le faux monnayeur</strong></h1>
<p>[/et_pb_text][et_pb_text admin_label= »Description du spectacle » _builder_version= »4.27.7&Prime; background_size= »initial » background_position= »top_left » background_repeat= »repeat » hover_enabled= »0&Prime; global_colors_info= »{} » sticky_enabled= »0&Prime;]</p>
<div class="sc-89427c75-3 foJWCy">
<div class="sc-dcbc0103-0 fRoBlK">
<div>
<h2>Projections</h2>
<h3>Jeudi 1er octobre</h3>
<ul>
<li>11 h 00 à 13 h 00</li>
<li>17 h 00 à 19 h 00</li>
<li>19 h 30 à 21 h 30</li>
</ul>
<h3>Vendredi 2 octobre</h3>
<ul>
<li>11 h 00 à 13 h 00</li>
<li>17 h 00 à 19 h 00</li>
<li>19 h 30 à 21 h 30</li>
</ul>
<h3>Samedi 3 octobre</h3>
<ul>
<li>11 h 00 à 13 h 00</li>
</ul>
<h3>Dimanche 4 octobre</h3>
<ul>
<li>11 h 00 à 13 h 00</li>
<li>17 h 00 à 19 h 00</li>
<li>19 h 30 à 21 h 30</li>
</ul>
<h2>Synopsis</h2>
<p>Drame d’époque inspiré d’une histoire vraie, <strong>L’Affaire Jan Bojarski</strong> retrace le destin extraordinaire d’un jeune réfugié polonais qui devient, dans la France de l’après-guerre, le plus grand faux-monnayeur de son temps, surnommé le <strong>« Cézanne de la fausse monnaie »</strong>.</p>
<p>Pendant plus de quinze ans, Jan Bojarski mène une double vie à l’insu de sa famille. Seul, dans un modeste cabanon au fond de son jardin, il fabrique des billets contrefaits d’une qualité si remarquable qu’ils paraissent parfois plus authentiques que ceux émis par la Banque de France.</p>
<p>Durant toutes ces années, ce faussaire d’exception déjoue les enquêtes policières et devient l’ennemi juré du commissaire Mattei. S’engage alors une traque acharnée qui, portée par l’obsession des deux hommes, finit par prendre la forme d’un véritable duel.</p>
</div>
</div>
</div>
<div class="sc-89427c75-4 ezHJNI">
<div class="sc-89427c75-6 hxeGuF">
<div class="sc-89427c75-11 oYccc">
<section class="sc-dcbc0103-4 iyqidu">
<div class="sc-dcbc0103-3 kizyQE"> </div>
</section>
</div>
</div>
</div>
<p>[/et_pb_text][et_pb_code _builder_version= »4.27.7&Prime; _module_preset= »default » hover_enabled= »0&Prime; global_colors_info= »{} » sticky_enabled= »0&Prime;]<iframe loading="lazy" width="560" height="315" src="https://www.youtube.com/embed/2O8Ab7R45kM?si=qonsc4C7g9dUwKVQ" title="YouTube video player" frameborder="0" allow="accelerometer; autoplay; clipboard-write; encrypted-media; gyroscope; picture-in-picture; web-share" referrerpolicy="strict-origin-when-cross-origin" allowfullscreen></iframe>[/et_pb_code][/et_pb_column][/et_pb_row][/et_pb_section]</p>

<p>Humoriste britannique, Paul Taylor vit à Paris depuis 2009. Passionné de stand-up, il fait ses débuts sur scène en 2016 avec son premier spectacle bilingue « <i><strong>#FRANGLAIS</strong></i> ». Un show dans lequel il nous fait partager ses expériences d’expatrié en France, souvent liées aux quiproquos linguistiques.</p><p>Entre 2016 et 2019, Paul a également créé du contenu audiovisuel pour le groupe Canal +, d’abord avec ses programmes courts « <i><strong>What The Fuck France</strong></i> » et « <i><strong>What’s Up France</strong></i><strong> </strong>», puis avec sa série documentaire « <i><strong>Stereotrip</strong></i><strong> </strong>». Sa marque de fabrique : décrypter avec un humour décapant, mais toujours bienveillant, les petites manies et habitudes culturelles des Français et de nos voisins européens ! Grâce à ces formats, Paul devient très vite un phénomène sur les réseaux sociaux. Près de <strong>200 millions</strong> de vues cumulées, des milliers d’abonnés sur Instagram, Facebook ou encore YouTube. Il se transforme également en humoriste à succès, remplissant les salles les plus prestigieuses à Paris, en France et partout dans le monde.</p><p>Son deuxième spectacle « <strong><em>So British ou presque</em></strong> » débute alors en octobre 2019 et aborde des sujets plus personnels comme la parentalité et la crise d’identité. Après un arrêt brutal à cause de la crise sanitaire du Covid-19, Les représentations reprennent, le succès est à nouveau au rendez-vous. Paul jouera « So British… » et affichera <strong>COMPLET</strong> au <strong>Grand Rex</strong> à Paris ou encore <strong>l’O2 Sheperd’s Bush Empire</strong> à Londres, salle où il fera la captation de son spectacle, disponible dès à présent sur Youtube en intégralité.</p><p>Fin 2022, il décide de lancer son troisième spectacle, « <strong>Bisou Bye x</strong> ». D’abord en rodage à la Scala Paris, lors de 19 représentations affichant COMPLET, il a ensuite <strong>fêté ses 10 ans de carrière à la Cigale, le 4 janvier 2023</strong> ! Il sera à la Nouvelle Eve du 19 janvier au 1er avril 2023, puis partira en tournée dans le monde entier ! Le phénomène Taylor n’en est qu’à son début.</p>
