{"id":9646,"date":"2026-09-01T13:03:22","date_gmt":"2026-09-01T19:03:22","guid":{"rendered":"https:\/\/citedesrocheuses.com\/?post_type=tribe_events&#038;p=9646"},"modified":"2026-09-01T13:05:23","modified_gmt":"2026-09-01T19:05:23","slug":"gouvernement-du-quebec-soiree-reseautage-reunissant-les-diplomes-des-universites-et-colleges-quebecois-et-les-membres-de-la-communaute-francophone-de-calgary","status":"publish","type":"tribe_events","link":"https:\/\/citedesrocheuses.com\/en\/evenement\/gouvernement-du-quebec-soiree-reseautage-reunissant-les-diplomes-des-universites-et-colleges-quebecois-et-les-membres-de-la-communaute-francophone-de-calgary\/","title":{"rendered":"Government of Quebec: Networking evening bringing together graduates of Quebec universities and colleges and members of the Francophone community of Calgary."},"content":{"rendered":"<p>[et_pb_section fb_built=\u00a0\u00bb1&Prime; _builder_version=\u00a0\u00bb4.16&Prime; global_colors_info=\u00a0\u00bb{}\u00a0\u00bb][et_pb_row _builder_version=\u00a0\u00bb4.16&Prime; background_size=\u00a0\u00bbinitial\u00a0\u00bb background_position=\u00a0\u00bbtop_left\u00a0\u00bb background_repeat=\u00a0\u00bbrepeat\u00a0\u00bb global_colors_info=\u00a0\u00bb{}\u00a0\u00bb][et_pb_column type=\u00a0\u00bb4_4&Prime; _builder_version=\u00a0\u00bb4.16&Prime; custom_padding=\u00a0\u00bb|||\u00a0\u00bb global_colors_info=\u00a0\u00bb{}\u00a0\u00bb custom_padding__hover=\u00a0\u00bb|||\u00a0\u00bb][et_pb_text admin_label=\u00a0\u00bbText\u00a0\u00bb _builder_version=\u00a0\u00bb4.27.7&Prime; background_size=\u00a0\u00bbinitial\u00a0\u00bb background_position=\u00a0\u00bbtop_left\u00a0\u00bb background_repeat=\u00a0\u00bbrepeat\u00a0\u00bb global_colors_info=\u00a0\u00bb{}\u00a0\u00bb]<\/p>\n<p align=\"center\"><strong>Vous \u00eates cordialement invit\u00e9s!<\/strong><\/p>\n<p align=\"center\"><span data-ogsc=\"rgb(45, 45, 45)\"><strong>L&rsquo;Antenne du Qu\u00e9bec \u00e0 Calgary<\/strong> vous convie \u00e0 une <strong>activit\u00e9 de r\u00e9seautage<\/strong> r\u00e9unissant <strong>les dipl\u00f4m\u00e9s des universit\u00e9s et coll\u00e8ges qu\u00e9b\u00e9cois <\/strong>et les membres de la communaut\u00e9 francophone de Calgary.<\/span><\/p>\n<p align=\"center\"><span data-ogsc=\"rgb(45, 45, 45)\">Joignez-vous \u00e0 nous pour un moment privil\u00e9gi\u00e9 de retrouvailles et d&rsquo;\u00e9changes avec les membres de l&rsquo;\u00e9quipe de l&rsquo;Antenne du Qu\u00e9bec \u00e0 Calgary, ainsi qu&rsquo;avec des coll\u00e8gues de Vancouver et de Toronto !<\/span><\/p>\n<p align=\"center\"><span data-ogsc=\"rgb(45, 45, 45)\">Nombre de places limit\u00e9, merci de r\u00e9server avant le 25 septembre<\/span><\/p>\n<p class=\"x_MsoNormal\" style=\"text-align: center;\">&#8212;&#8211;<\/p>\n<p class=\"x_MsoNormal\" style=\"text-align: center;\">Le\u00a0Bureau du Qu\u00e9bec \u00e0 Toronto et son antenne \u00e0 Calgary\u00a0veille au rayonnement du Qu\u00e9bec et favorise le d\u00e9veloppement de ses liens strat\u00e9giques au Canada. Il maintient et renforce les relations du Qu\u00e9bec avec le monde des affaires, les gouvernements provinciaux et les municipalit\u00e9s, les m\u00e9dias, les associations francophones et les partenaires du milieu culturel et artistique \u00e0 travers les provinces de l\u2019Ouest, l&rsquo;Ontario et les territoires au Nord.\u00a0<\/p>\n<p>[\/et_pb_text][et_pb_button button_url=\u00a0\u00bbhttps:\/\/app.cyberimpact.com\/clients\/36200\/subscribe-forms\/12BD6837-A669-4F2E-91E1-0DE7F5370779&Prime; button_text=\u00a0\u00bbR\u00e9server\u00a0\u00bb _builder_version=\u00a0\u00bb4.27.7&Prime; _module_preset=\u00a0\u00bbdefault\u00a0\u00bb global_colors_info=\u00a0\u00bb{}\u00a0\u00bb][\/et_pb_button][\/et_pb_column][\/et_pb_row][\/et_pb_section]<\/p>\n","protected":false},"excerpt":{"rendered":"<p>Vous \u00eates cordialement invit\u00e9s! L&rsquo;Antenne du Qu\u00e9bec \u00e0 Calgary vous convie \u00e0 une activit\u00e9 de r\u00e9seautage r\u00e9unissant les dipl\u00f4m\u00e9s des universit\u00e9s et coll\u00e8ges qu\u00e9b\u00e9cois et les membres de la communaut\u00e9 [&hellip;]<\/p>\n","protected":false},"author":1,"featured_media":9649,"template":"","meta":{"_et_pb_use_builder":"on","_et_pb_old_content":"<div class=\"x14z9mp xat24cr x1lziwak x1vvkbs xtlvy1s\"><p>Le 5 \u00e0 7 Francophone \u00e0 Calgary !<\/p><p>Envie de rencontrer du monde, pratiquer votre fran\u00e7ais ou simplement passer un bon moment apr\u00e8s le travail ? Rejoignez-nous pour une soir\u00e9e conviviale au Caf\u00e9 Th\u00e9\u00e2tre de la Cit\u00e9 des Rocheuses !<\/p><\/div><div class=\"x14z9mp xat24cr x1lziwak x1vvkbs xtlvy1s\"><p><span class=\"html-span xexx8yu xyri2b x18d9i69 x1c1uobl x1hl2dhg x16tdsg8 x1vvkbs x3nfvp2 x1j61x8r x1fcty0u xdj266r xat24cr xm2jcoa x1mpyi22 xxymvpz xlup9mm x1kky2od\"><img class=\"xz74otr x15mokao x1ga7v0g x16uus16 xbiv7yw\" src=\"https:\/\/static.xx.fbcdn.net\/images\/emoji.php\/v9\/t7e\/1\/16\/1f4c5.png\" alt=\"\ud83d\udcc5\" width=\"16\" height=\"16\" \/><\/span>\u00a026 juin 2026<br class=\"html-br\" \/><span class=\"html-span xexx8yu xyri2b x18d9i69 x1c1uobl x1hl2dhg x16tdsg8 x1vvkbs x3nfvp2 x1j61x8r x1fcty0u xdj266r xat24cr xm2jcoa x1mpyi22 xxymvpz xlup9mm x1kky2od\"><img class=\"xz74otr x15mokao x1ga7v0g x16uus16 xbiv7yw\" src=\"https:\/\/static.xx.fbcdn.net\/images\/emoji.php\/v9\/tac\/1\/16\/1f554.png\" alt=\"\ud83d\udd54\" width=\"16\" height=\"16\" \/><\/span>\u00a0De 17h \u00e0 19h<br class=\"html-br\" \/><span class=\"html-span xexx8yu xyri2b x18d9i69 x1c1uobl x1hl2dhg x16tdsg8 x1vvkbs x3nfvp2 x1j61x8r x1fcty0u xdj266r xat24cr xm2jcoa x1mpyi22 xxymvpz xlup9mm x1kky2od\"><img class=\"xz74otr x15mokao x1ga7v0g x16uus16 xbiv7yw\" src=\"https:\/\/static.xx.fbcdn.net\/images\/emoji.php\/v9\/t2d\/1\/16\/1f4cd.png\" alt=\"\ud83d\udccd\" width=\"16\" height=\"16\" \/><\/span>\u00a0<a href=\"http:\/\/www.cafetheatre.ca\">Caf\u00e9 Th\u00e9\u00e2tre<\/a> \u2013 Cit\u00e9 des Rocheuses<\/p><\/div><div class=\"x14z9mp xat24cr x1lziwak x1vvkbs xtlvy1s\"><p>Le 5 \u00e0 7 des francophones, c\u2019est :<br class=\"html-br\" \/><span class=\"html-span xexx8yu xyri2b x18d9i69 x1c1uobl x1hl2dhg x16tdsg8 x1vvkbs x3nfvp2 x1j61x8r x1fcty0u xdj266r xat24cr xm2jcoa x1mpyi22 xxymvpz xlup9mm x1kky2od\"><img class=\"xz74otr x15mokao x1ga7v0g x16uus16 xbiv7yw\" src=\"https:\/\/static.xx.fbcdn.net\/images\/emoji.php\/v9\/t64\/1\/16\/1f91d.png\" alt=\"\ud83e\udd1d\" width=\"16\" height=\"16\" \/><\/span>\u00a0Des rencontres dans une ambiance chaleureuse<br class=\"html-br\" \/><span class=\"html-span xexx8yu xyri2b x18d9i69 x1c1uobl x1hl2dhg x16tdsg8 x1vvkbs x3nfvp2 x1j61x8r x1fcty0u xdj266r xat24cr xm2jcoa x1mpyi22 xxymvpz xlup9mm x1kky2od\"><img class=\"xz74otr x15mokao x1ga7v0g x16uus16 xbiv7yw\" src=\"https:\/\/static.xx.fbcdn.net\/images\/emoji.php\/v9\/teb\/1\/16\/1f377.png\" alt=\"\ud83c\udf77\" width=\"16\" height=\"16\" \/><\/span>\u00a0Un moment de d\u00e9tente autour d\u2019un verre<br class=\"html-br\" \/><span class=\"html-span xexx8yu xyri2b x18d9i69 x1c1uobl x1hl2dhg x16tdsg8 x1vvkbs x3nfvp2 x1j61x8r x1fcty0u xdj266r xat24cr xm2jcoa x1mpyi22 xxymvpz xlup9mm x1kky2od\"><img class=\"xz74otr x15mokao x1ga7v0g x16uus16 xbiv7yw\" src=\"https:\/\/static.xx.fbcdn.net\/images\/emoji.php\/v9\/t3f\/1\/16\/1f30d.png\" alt=\"\ud83c\udf0d\" width=\"16\" height=\"16\" \/><\/span>\u00a0Une occasion d\u2019\u00e9changer avec la communaut\u00e9 francophone et francophile de Calgary<br class=\"html-br\" \/><span class=\"html-span xexx8yu xyri2b x18d9i69 x1c1uobl x1hl2dhg x16tdsg8 x1vvkbs x3nfvp2 x1j61x8r x1fcty0u xdj266r xat24cr xm2jcoa x1mpyi22 xxymvpz xlup9mm x1kky2od\"><img class=\"xz74otr x15mokao x1ga7v0g x16uus16 xbiv7yw\" src=\"https:\/\/static.xx.fbcdn.net\/images\/emoji.php\/v9\/t8c\/1\/16\/1f389.png\" alt=\"\ud83c\udf89\" width=\"16\" height=\"16\" \/><\/span>\u00a0Des discussions, des rires et de nouvelles connexions !<\/p><\/div><div class=\"x14z9mp xat24cr x1lziwak x1vvkbs xtlvy1s\"><p>Que vous soyez nouvellement arriv\u00e9\u00b7e \u00e0 Calgary ou membre de longue date de la communaut\u00e9, tout le monde est bienvenu !<\/p><\/div><div class=\"x14z9mp xat24cr x1lziwak x1vvkbs xtlvy1s\"><p><span class=\"html-span xexx8yu xyri2b x18d9i69 x1c1uobl x1hl2dhg x16tdsg8 x1vvkbs x3nfvp2 x1j61x8r x1fcty0u xdj266r xat24cr xm2jcoa x1mpyi22 xxymvpz xlup9mm x1kky2od\"><img class=\"xz74otr x15mokao x1ga7v0g x16uus16 xbiv7yw\" src=\"https:\/\/static.xx.fbcdn.net\/images\/emoji.php\/v9\/tdc\/1\/16\/26a0.png\" alt=\"\u26a0\ufe0f\" width=\"16\" height=\"16\" \/><\/span> <a href=\"https:\/\/www.opentable.ca\/booking\/experiences-availability?rid=1467886&restref=1467886&experienceId=771886&utm_source=external&utm_medium=referral&utm_campaign=shared\">R\u00e9servations obligatoires<\/a><\/p><\/div><div class=\"x14z9mp xat24cr x1lziwak x1vvkbs xtlvy1s\">Venez partager un moment convivial en fran\u00e7ais avec nous !\u00a0<span class=\"html-span xexx8yu xyri2b x18d9i69 x1c1uobl x1hl2dhg x16tdsg8 x1vvkbs x3nfvp2 x1j61x8r x1fcty0u xdj266r xat24cr xm2jcoa x1mpyi22 xxymvpz xlup9mm x1kky2od\"><img class=\"xz74otr x15mokao x1ga7v0g x16uus16 xbiv7yw\" src=\"https:\/\/static.xx.fbcdn.net\/images\/emoji.php\/v9\/tf4\/1\/16\/2728.png\" alt=\"\u2728\" width=\"16\" height=\"16\" \/><\/span><\/div>","_et_gb_content_width":"","_tribe_events_status":"","_tribe_events_status_reason":"","footnotes":""},"tags":[],"tribe_events_cat":[74],"class_list":["post-9646","tribe_events","type-tribe_events","status-publish","has-post-thumbnail","hentry","tribe_events_cat-communautaire","cat_communautaire"],"_links":{"self":[{"href":"https:\/\/citedesrocheuses.com\/en\/wp-json\/wp\/v2\/tribe_events\/9646","targetHints":{"allow":["GET"]}}],"collection":[{"href":"https:\/\/citedesrocheuses.com\/en\/wp-json\/wp\/v2\/tribe_events"}],"about":[{"href":"https:\/\/citedesrocheuses.com\/en\/wp-json\/wp\/v2\/types\/tribe_events"}],"author":[{"embeddable":true,"href":"https:\/\/citedesrocheuses.com\/en\/wp-json\/wp\/v2\/users\/1"}],"version-history":[{"count":5,"href":"https:\/\/citedesrocheuses.com\/en\/wp-json\/wp\/v2\/tribe_events\/9646\/revisions"}],"predecessor-version":[{"id":9654,"href":"https:\/\/citedesrocheuses.com\/en\/wp-json\/wp\/v2\/tribe_events\/9646\/revisions\/9654"}],"wp:featuredmedia":[{"embeddable":true,"href":"https:\/\/citedesrocheuses.com\/en\/wp-json\/wp\/v2\/media\/9649"}],"wp:attachment":[{"href":"https:\/\/citedesrocheuses.com\/en\/wp-json\/wp\/v2\/media?parent=9646"}],"wp:term":[{"taxonomy":"post_tag","embeddable":true,"href":"https:\/\/citedesrocheuses.com\/en\/wp-json\/wp\/v2\/tags?post=9646"},{"taxonomy":"tribe_events_cat","embeddable":true,"href":"https:\/\/citedesrocheuses.com\/en\/wp-json\/wp\/v2\/tribe_events_cat?post=9646"}],"curies":[{"name":"wp","href":"https:\/\/api.w.org\/{rel}","templated":true}]}}

<p>[et_pb_section fb_built= »1&Prime; _builder_version= »4.16&Prime; global_colors_info= »{} »][et_pb_row _builder_version= »4.16&Prime; background_size= »initial » background_position= »top_left » background_repeat= »repeat » global_colors_info= »{} »][et_pb_column type= »4_4&Prime; _builder_version= »4.16&Prime; custom_padding= »||| » global_colors_info= »{} » custom_padding__hover= »||| »][et_pb_text admin_label= »Text » _builder_version= »4.27.7&Prime; background_size= »initial » background_position= »top_left » background_repeat= »repeat » global_colors_info= »{} »]</p>
<p align="center"><strong>Vous êtes cordialement invités!</strong></p>
<p align="center"><span data-ogsc="rgb(45, 45, 45)"><strong>L&rsquo;Antenne du Québec à Calgary</strong> vous convie à une <strong>activité de réseautage</strong> réunissant <strong>les diplômés des universités et collèges québécois </strong>et les membres de la communauté francophone de Calgary.</span></p>
<p align="center"><span data-ogsc="rgb(45, 45, 45)">Joignez-vous à nous pour un moment privilégié de retrouvailles et d&rsquo;échanges avec les membres de l&rsquo;équipe de l&rsquo;Antenne du Québec à Calgary, ainsi qu&rsquo;avec des collègues de Vancouver et de Toronto !</span></p>
<p align="center"><span data-ogsc="rgb(45, 45, 45)">Nombre de places limité, merci de réserver avant le 25 septembre</span></p>
<p class="x_MsoNormal" style="text-align: center;">&#8212;&#8211;</p>
<p class="x_MsoNormal" style="text-align: center;">Le Bureau du Québec à Toronto et son antenne à Calgary veille au rayonnement du Québec et favorise le développement de ses liens stratégiques au Canada. Il maintient et renforce les relations du Québec avec le monde des affaires, les gouvernements provinciaux et les municipalités, les médias, les associations francophones et les partenaires du milieu culturel et artistique à travers les provinces de l’Ouest, l&rsquo;Ontario et les territoires au Nord. </p>
<p>[/et_pb_text][et_pb_button button_url= »https://app.cyberimpact.com/clients/36200/subscribe-forms/12BD6837-A669-4F2E-91E1-0DE7F5370779&Prime; button_text= »Réserver » _builder_version= »4.27.7&Prime; _module_preset= »default » global_colors_info= »{} »][/et_pb_button][/et_pb_column][/et_pb_row][/et_pb_section]</p>

<p>Vous êtes cordialement invités! L&rsquo;Antenne du Québec à Calgary vous convie à une activité de réseautage réunissant les diplômés des universités et collèges québécois et les membres de la communauté [&hellip;]</p>

<div class="x14z9mp xat24cr x1lziwak x1vvkbs xtlvy1s"><p>Le 5 à 7 Francophone à Calgary !</p><p>Envie de rencontrer du monde, pratiquer votre français ou simplement passer un bon moment après le travail ? Rejoignez-nous pour une soirée conviviale au Café Théâtre de la Cité des Rocheuses !</p></div><div class="x14z9mp xat24cr x1lziwak x1vvkbs xtlvy1s"><p><span class="html-span xexx8yu xyri2b x18d9i69 x1c1uobl x1hl2dhg x16tdsg8 x1vvkbs x3nfvp2 x1j61x8r x1fcty0u xdj266r xat24cr xm2jcoa x1mpyi22 xxymvpz xlup9mm x1kky2od"><img class="xz74otr x15mokao x1ga7v0g x16uus16 xbiv7yw" src="https://static.xx.fbcdn.net/images/emoji.php/v9/t7e/1/16/1f4c5.png" alt="📅" width="16" height="16" /></span> 26 juin 2026<br class="html-br" /><span class="html-span xexx8yu xyri2b x18d9i69 x1c1uobl x1hl2dhg x16tdsg8 x1vvkbs x3nfvp2 x1j61x8r x1fcty0u xdj266r xat24cr xm2jcoa x1mpyi22 xxymvpz xlup9mm x1kky2od"><img class="xz74otr x15mokao x1ga7v0g x16uus16 xbiv7yw" src="https://static.xx.fbcdn.net/images/emoji.php/v9/tac/1/16/1f554.png" alt="🕔" width="16" height="16" /></span> De 17h à 19h<br class="html-br" /><span class="html-span xexx8yu xyri2b x18d9i69 x1c1uobl x1hl2dhg x16tdsg8 x1vvkbs x3nfvp2 x1j61x8r x1fcty0u xdj266r xat24cr xm2jcoa x1mpyi22 xxymvpz xlup9mm x1kky2od"><img class="xz74otr x15mokao x1ga7v0g x16uus16 xbiv7yw" src="https://static.xx.fbcdn.net/images/emoji.php/v9/t2d/1/16/1f4cd.png" alt="📍" width="16" height="16" /></span> <a href="http://www.cafetheatre.ca">Café Théâtre</a> – Cité des Rocheuses</p></div><div class="x14z9mp xat24cr x1lziwak x1vvkbs xtlvy1s"><p>Le 5 à 7 des francophones, c’est :<br class="html-br" /><span class="html-span xexx8yu xyri2b x18d9i69 x1c1uobl x1hl2dhg x16tdsg8 x1vvkbs x3nfvp2 x1j61x8r x1fcty0u xdj266r xat24cr xm2jcoa x1mpyi22 xxymvpz xlup9mm x1kky2od"><img class="xz74otr x15mokao x1ga7v0g x16uus16 xbiv7yw" src="https://static.xx.fbcdn.net/images/emoji.php/v9/t64/1/16/1f91d.png" alt="🤝" width="16" height="16" /></span> Des rencontres dans une ambiance chaleureuse<br class="html-br" /><span class="html-span xexx8yu xyri2b x18d9i69 x1c1uobl x1hl2dhg x16tdsg8 x1vvkbs x3nfvp2 x1j61x8r x1fcty0u xdj266r xat24cr xm2jcoa x1mpyi22 xxymvpz xlup9mm x1kky2od"><img class="xz74otr x15mokao x1ga7v0g x16uus16 xbiv7yw" src="https://static.xx.fbcdn.net/images/emoji.php/v9/teb/1/16/1f377.png" alt="🍷" width="16" height="16" /></span> Un moment de détente autour d’un verre<br class="html-br" /><span class="html-span xexx8yu xyri2b x18d9i69 x1c1uobl x1hl2dhg x16tdsg8 x1vvkbs x3nfvp2 x1j61x8r x1fcty0u xdj266r xat24cr xm2jcoa x1mpyi22 xxymvpz xlup9mm x1kky2od"><img class="xz74otr x15mokao x1ga7v0g x16uus16 xbiv7yw" src="https://static.xx.fbcdn.net/images/emoji.php/v9/t3f/1/16/1f30d.png" alt="🌍" width="16" height="16" /></span> Une occasion d’échanger avec la communauté francophone et francophile de Calgary<br class="html-br" /><span class="html-span xexx8yu xyri2b x18d9i69 x1c1uobl x1hl2dhg x16tdsg8 x1vvkbs x3nfvp2 x1j61x8r x1fcty0u xdj266r xat24cr xm2jcoa x1mpyi22 xxymvpz xlup9mm x1kky2od"><img class="xz74otr x15mokao x1ga7v0g x16uus16 xbiv7yw" src="https://static.xx.fbcdn.net/images/emoji.php/v9/t8c/1/16/1f389.png" alt="🎉" width="16" height="16" /></span> Des discussions, des rires et de nouvelles connexions !</p></div><div class="x14z9mp xat24cr x1lziwak x1vvkbs xtlvy1s"><p>Que vous soyez nouvellement arrivé·e à Calgary ou membre de longue date de la communauté, tout le monde est bienvenu !</p></div><div class="x14z9mp xat24cr x1lziwak x1vvkbs xtlvy1s"><p><span class="html-span xexx8yu xyri2b x18d9i69 x1c1uobl x1hl2dhg x16tdsg8 x1vvkbs x3nfvp2 x1j61x8r x1fcty0u xdj266r xat24cr xm2jcoa x1mpyi22 xxymvpz xlup9mm x1kky2od"><img class="xz74otr x15mokao x1ga7v0g x16uus16 xbiv7yw" src="https://static.xx.fbcdn.net/images/emoji.php/v9/tdc/1/16/26a0.png" alt="⚠️" width="16" height="16" /></span> <a href="https://www.opentable.ca/booking/experiences-availability?rid=1467886&restref=1467886&experienceId=771886&utm_source=external&utm_medium=referral&utm_campaign=shared">Réservations obligatoires</a></p></div><div class="x14z9mp xat24cr x1lziwak x1vvkbs xtlvy1s">Venez partager un moment convivial en français avec nous ! <span class="html-span xexx8yu xyri2b x18d9i69 x1c1uobl x1hl2dhg x16tdsg8 x1vvkbs x3nfvp2 x1j61x8r x1fcty0u xdj266r xat24cr xm2jcoa x1mpyi22 xxymvpz xlup9mm x1kky2od"><img class="xz74otr x15mokao x1ga7v0g x16uus16 xbiv7yw" src="https://static.xx.fbcdn.net/images/emoji.php/v9/tf4/1/16/2728.png" alt="✨" width="16" height="16" /></span></div>
