{"id":8578,"date":"2025-09-25T16:06:51","date_gmt":"2025-09-25T22:06:51","guid":{"rendered":"https:\/\/citedesrocheuses.com\/?post_type=tribe_events&#038;p=8578"},"modified":"2026-01-20T13:14:46","modified_gmt":"2026-01-20T19:14:46","slug":"rencontre-jeromy-farkas","status":"publish","type":"tribe_events","link":"https:\/\/citedesrocheuses.com\/en\/evenement\/rencontre-jeromy-farkas\/","title":{"rendered":"Meeting: Jeromy Farkas"},"content":{"rendered":"<p>[et_pb_section fb_built=\u00a0\u00bb1&Prime; _builder_version=\u00a0\u00bb4.27.4&Prime; collapsed=\u00a0\u00bboff\u00a0\u00bb global_colors_info=\u00a0\u00bb{}\u00a0\u00bb][et_pb_row _builder_version=\u00a0\u00bb4.27.4&Prime; _module_preset=\u00a0\u00bbdefault\u00a0\u00bb locked=\u00a0\u00bboff\u00a0\u00bb global_colors_info=\u00a0\u00bb{}\u00a0\u00bb][et_pb_column type=\u00a0\u00bb4_4&Prime; _builder_version=\u00a0\u00bb4.20.2&Prime; _module_preset=\u00a0\u00bbdefault\u00a0\u00bb global_colors_info=\u00a0\u00bb{}\u00a0\u00bb][et_pb_button button_url=\u00a0\u00bbhttps:\/\/lepointdevente.com\/billets\/jeromy-farkas2025&Prime; button_text=\u00a0\u00bbBilletterie\u00a0\u00bb _builder_version=\u00a0\u00bb4.27.4&Prime; _module_preset=\u00a0\u00bbdefault\u00a0\u00bb global_colors_info=\u00a0\u00bb{}\u00a0\u00bb][\/et_pb_button][\/et_pb_column][\/et_pb_row][et_pb_row _builder_version=\u00a0\u00bb4.16&Prime; background_size=\u00a0\u00bbinitial\u00a0\u00bb background_position=\u00a0\u00bbtop_left\u00a0\u00bb background_repeat=\u00a0\u00bbrepeat\u00a0\u00bb global_colors_info=\u00a0\u00bb{}\u00a0\u00bb][et_pb_column type=\u00a0\u00bb4_4&Prime; _builder_version=\u00a0\u00bb4.16&Prime; custom_padding=\u00a0\u00bb|||\u00a0\u00bb global_colors_info=\u00a0\u00bb{}\u00a0\u00bb custom_padding__hover=\u00a0\u00bb|||\u00a0\u00bb][et_pb_text admin_label=\u00a0\u00bbTITRE\u00a0\u00bb _builder_version=\u00a0\u00bb4.27.4&Prime; _module_preset=\u00a0\u00bbdefault\u00a0\u00bb global_colors_info=\u00a0\u00bb{}\u00a0\u00bb]<\/p>\n<h1><strong>Rencontre : Jeromy Farkas<\/strong><\/h1>\n<p>[\/et_pb_text][et_pb_text admin_label=\u00a0\u00bbDescription du spectacle\u00a0\u00bb _builder_version=\u00a0\u00bb4.27.4&Prime; background_size=\u00a0\u00bbinitial\u00a0\u00bb background_position=\u00a0\u00bbtop_left\u00a0\u00bb background_repeat=\u00a0\u00bbrepeat\u00a0\u00bb global_colors_info=\u00a0\u00bb{}\u00a0\u00bb]<\/p>\n<table class=\"results results-top-with-action\">\n<tbody>\n<tr data-option=\"description\" data-language=\"fr\">\n<td data-value=\"\">\n<p>Les \u00e9lections municipales s\u2019en viennent le<strong> 20 octobre<\/strong>. Nous aurons \u00e0 faire un choix important pour notre avenir ensemble \u00e0 Calgary. Conscient des enjeux sp\u00e9cifiques auxquels font face les francophones, <strong>Jeromy Farkas<\/strong> a contact\u00e9 <strong>La Cit\u00e9 des Rocheuses<\/strong> pour en conna\u00eetre davantage sur nos besoins et nos d\u00e9fis sp\u00e9cifiques pour les 4 prochaines ann\u00e9es \u00e0 Calgary. Inscrivez-vous, posez vos questions en avance et venez rencontrer Jeromy le <strong>dimanche 5 octobre de 17 \u00e0 18 heures<\/strong> \u00e0 la Cit\u00e9 des Rocheuses. \u00c0 cette occasion, le <strong>Caf\u00e9 Th\u00e9\u00e2tre<\/strong> sera ouvert exceptionnellement de <strong>17 \u00e0 20 heures<\/strong>. Venez d\u00e9guster nos merveilleux plats et prendre un verre.<\/p>\n<p><em>Cet \u00e9v\u00e9nement est une r\u00e9union publique et d&rsquo;informations pour les francophones et les francophiles de Calgary. Tout candidat \u00e0 l&rsquo;\u00e9lection du maire de Calgary est invit\u00e9 \u00e0 nous contacter s&rsquo;il souhaite organiser une rencontre avec la communaut\u00e9 francophone et francophile.<\/em><\/p>\n<p><a href=\"https:\/\/forms.cloud.microsoft\/r\/v0U6LfEFfc?origin=lprLink\">Posez vos questions ici<\/a><\/p>\n<p>\u2014<\/p>\n<p>Municipal elections are coming up on <strong>October 20<\/strong>. We will have an important choice to make for our shared future in Calgary. Aware of the specific issues faced by the Francophone community, <strong>Jeromy Farkas<\/strong> reached out to <strong>La Cit\u00e9 des Rocheuses<\/strong> to learn more about our unique needs and challenges as Francophones over the next 4 years in Calgary. Register, send in your questions in advance, and come meet Jeromy on <strong>Sunday, October 5, from 5 p.m. to 6 p.m.<\/strong> at La Cit\u00e9 des Rocheuses. On this occasion, the <strong>Caf\u00e9 Theatre<\/strong> will be exceptionally open from <strong>5 to 8 p.m<\/strong>. Come enjoy our wonderful dishes and have a drink!<\/p>\n<p><em>This event is a public and information meeting for Francophones and Francophiles in Calgary. Any candidate for the election of the mayor of Calgary is invited to contact us if they wish to organize a meeting with the Francophone and Francophile community.<\/em><\/p>\n<p><a href=\"https:\/\/forms.cloud.microsoft\/r\/v0U6LfEFfc?origin=lprLink\">Ask questions\u00a0<\/a><\/p>\n<\/td>\n<\/tr>\n<\/tbody>\n<\/table>\n<p>&nbsp;<\/p>\n<p>[\/et_pb_text][\/et_pb_column][\/et_pb_row][\/et_pb_section]<\/p>\n","protected":false},"excerpt":{"rendered":"<p>Rencontre : Jeromy Farkas Les \u00e9lections municipales s\u2019en viennent le 20 octobre. Nous aurons \u00e0 faire un choix important pour notre avenir ensemble \u00e0 Calgary. Conscient des enjeux sp\u00e9cifiques auxquels [&hellip;]<\/p>\n","protected":false},"author":2130,"featured_media":9697,"template":"","meta":{"_et_pb_use_builder":"on","_et_pb_old_content":"<p>Humoriste britannique, Paul Taylor vit \u00e0 Paris depuis 2009. Passionn\u00e9 de stand-up, il fait ses d\u00e9buts sur sc\u00e8ne en 2016 avec son premier spectacle bilingue \u00ab\u00a0<i><strong>#FRANGLAIS<\/strong><\/i>\u00a0\u00bb. Un show dans lequel il nous fait partager ses exp\u00e9riences d\u2019expatri\u00e9 en France, souvent li\u00e9es aux quiproquos linguistiques.<\/p><p>Entre 2016 et 2019, Paul a \u00e9galement cr\u00e9\u00e9 du contenu audiovisuel pour le groupe Canal +, d\u2019abord avec ses programmes courts \u00ab\u00a0<i><strong>What The Fuck France<\/strong><\/i>\u00a0\u00bb et \u00ab\u00a0<i><strong>What\u2019s Up France<\/strong><\/i><strong>\u00a0<\/strong>\u00bb, puis avec sa s\u00e9rie documentaire \u00ab\u00a0<i><strong>Stereotrip<\/strong><\/i><strong>\u00a0<\/strong>\u00bb. Sa marque de fabrique : d\u00e9crypter avec un humour d\u00e9capant, mais toujours bienveillant, les petites manies et habitudes culturelles des Fran\u00e7ais et de nos voisins europ\u00e9ens\u00a0! Gr\u00e2ce \u00e0 ces formats, Paul devient tr\u00e8s vite un ph\u00e9nom\u00e8ne sur les r\u00e9seaux sociaux. Pr\u00e8s de\u00a0<strong>200 millions<\/strong>\u00a0de vues cumul\u00e9es, des milliers d\u2019abonn\u00e9s sur Instagram, Facebook ou encore YouTube. Il se transforme \u00e9galement en humoriste \u00e0 succ\u00e8s, remplissant les salles les plus prestigieuses \u00e0 Paris, en France et partout dans le monde.<\/p><p>Son deuxi\u00e8me spectacle \u00ab\u00a0<strong><em>So British ou presque<\/em><\/strong>\u00a0\u00bb d\u00e9bute alors en octobre 2019 et aborde des sujets plus personnels comme la parentalit\u00e9 et la crise d\u2019identit\u00e9. Apr\u00e8s un arr\u00eat brutal \u00e0 cause de la crise sanitaire du Covid-19, Les repr\u00e9sentations reprennent, le succ\u00e8s est \u00e0 nouveau au rendez-vous. Paul jouera \u00ab\u00a0So British\u2026\u00a0\u00bb et affichera\u00a0<strong>COMPLET<\/strong>\u00a0au\u00a0<strong>Grand Rex<\/strong>\u00a0\u00e0 Paris ou encore\u00a0<strong>l\u2019O2 Sheperd\u2019s Bush Empire<\/strong>\u00a0\u00e0 Londres, salle o\u00f9 il fera la captation de son spectacle, disponible d\u00e8s \u00e0 pr\u00e9sent sur Youtube en int\u00e9gralit\u00e9.<\/p><p>Fin 2022, il d\u00e9cide de lancer son troisi\u00e8me spectacle, \u00ab\u00a0<strong>Bisou Bye\u00a0x<\/strong>\u00a0\u00bb. D\u2019abord en rodage \u00e0 la Scala Paris, lors de 19 repr\u00e9sentations affichant COMPLET, il a ensuite\u00a0<strong>f\u00eat\u00e9 ses 10 ans de carri\u00e8re \u00e0 la Cigale, le 4 janvier 2023<\/strong>\u00a0! Il sera \u00e0 la Nouvelle Eve du 19 janvier au 1er\u00a0avril 2023, puis partira en tourn\u00e9e dans le monde entier\u00a0! Le ph\u00e9nom\u00e8ne Taylor n\u2019en est qu\u2019\u00e0 son d\u00e9but.<\/p>","_et_gb_content_width":"","_tribe_events_status":"","_tribe_events_status_reason":"","footnotes":""},"tags":[],"tribe_events_cat":[56,74],"class_list":["post-8578","tribe_events","type-tribe_events","status-publish","has-post-thumbnail","hentry","tribe_events_cat-cite-des-rocheuses","tribe_events_cat-communautaire","cat_cite-des-rocheuses","cat_communautaire"],"_links":{"self":[{"href":"https:\/\/citedesrocheuses.com\/en\/wp-json\/wp\/v2\/tribe_events\/8578","targetHints":{"allow":["GET"]}}],"collection":[{"href":"https:\/\/citedesrocheuses.com\/en\/wp-json\/wp\/v2\/tribe_events"}],"about":[{"href":"https:\/\/citedesrocheuses.com\/en\/wp-json\/wp\/v2\/types\/tribe_events"}],"author":[{"embeddable":true,"href":"https:\/\/citedesrocheuses.com\/en\/wp-json\/wp\/v2\/users\/2130"}],"version-history":[{"count":0,"href":"https:\/\/citedesrocheuses.com\/en\/wp-json\/wp\/v2\/tribe_events\/8578\/revisions"}],"wp:featuredmedia":[{"embeddable":true,"href":"https:\/\/citedesrocheuses.com\/en\/wp-json\/wp\/v2\/media\/9697"}],"wp:attachment":[{"href":"https:\/\/citedesrocheuses.com\/en\/wp-json\/wp\/v2\/media?parent=8578"}],"wp:term":[{"taxonomy":"post_tag","embeddable":true,"href":"https:\/\/citedesrocheuses.com\/en\/wp-json\/wp\/v2\/tags?post=8578"},{"taxonomy":"tribe_events_cat","embeddable":true,"href":"https:\/\/citedesrocheuses.com\/en\/wp-json\/wp\/v2\/tribe_events_cat?post=8578"}],"curies":[{"name":"wp","href":"https:\/\/api.w.org\/{rel}","templated":true}]}}

<p>[et_pb_section fb_built= »1&Prime; _builder_version= »4.27.4&Prime; collapsed= »off » global_colors_info= »{} »][et_pb_row _builder_version= »4.27.4&Prime; _module_preset= »default » locked= »off » global_colors_info= »{} »][et_pb_column type= »4_4&Prime; _builder_version= »4.20.2&Prime; _module_preset= »default » global_colors_info= »{} »][et_pb_button button_url= »https://lepointdevente.com/billets/jeromy-farkas2025&Prime; button_text= »Billetterie » _builder_version= »4.27.4&Prime; _module_preset= »default » global_colors_info= »{} »][/et_pb_button][/et_pb_column][/et_pb_row][et_pb_row _builder_version= »4.16&Prime; background_size= »initial » background_position= »top_left » background_repeat= »repeat » global_colors_info= »{} »][et_pb_column type= »4_4&Prime; _builder_version= »4.16&Prime; custom_padding= »||| » global_colors_info= »{} » custom_padding__hover= »||| »][et_pb_text admin_label= »TITRE » _builder_version= »4.27.4&Prime; _module_preset= »default » global_colors_info= »{} »]</p>
<h1><strong>Rencontre : Jeromy Farkas</strong></h1>
<p>[/et_pb_text][et_pb_text admin_label= »Description du spectacle » _builder_version= »4.27.4&Prime; background_size= »initial » background_position= »top_left » background_repeat= »repeat » global_colors_info= »{} »]</p>
<table class="results results-top-with-action">
<tbody>
<tr data-option="description" data-language="fr">
<td data-value="">
<p>Les élections municipales s’en viennent le<strong> 20 octobre</strong>. Nous aurons à faire un choix important pour notre avenir ensemble à Calgary. Conscient des enjeux spécifiques auxquels font face les francophones, <strong>Jeromy Farkas</strong> a contacté <strong>La Cité des Rocheuses</strong> pour en connaître davantage sur nos besoins et nos défis spécifiques pour les 4 prochaines années à Calgary. Inscrivez-vous, posez vos questions en avance et venez rencontrer Jeromy le <strong>dimanche 5 octobre de 17 à 18 heures</strong> à la Cité des Rocheuses. À cette occasion, le <strong>Café Théâtre</strong> sera ouvert exceptionnellement de <strong>17 à 20 heures</strong>. Venez déguster nos merveilleux plats et prendre un verre.</p>
<p><em>Cet événement est une réunion publique et d&rsquo;informations pour les francophones et les francophiles de Calgary. Tout candidat à l&rsquo;élection du maire de Calgary est invité à nous contacter s&rsquo;il souhaite organiser une rencontre avec la communauté francophone et francophile.</em></p>
<p><a href="https://forms.cloud.microsoft/r/v0U6LfEFfc?origin=lprLink">Posez vos questions ici</a></p>
<p>—</p>
<p>Municipal elections are coming up on <strong>October 20</strong>. We will have an important choice to make for our shared future in Calgary. Aware of the specific issues faced by the Francophone community, <strong>Jeromy Farkas</strong> reached out to <strong>La Cité des Rocheuses</strong> to learn more about our unique needs and challenges as Francophones over the next 4 years in Calgary. Register, send in your questions in advance, and come meet Jeromy on <strong>Sunday, October 5, from 5 p.m. to 6 p.m.</strong> at La Cité des Rocheuses. On this occasion, the <strong>Café Theatre</strong> will be exceptionally open from <strong>5 to 8 p.m</strong>. Come enjoy our wonderful dishes and have a drink!</p>
<p><em>This event is a public and information meeting for Francophones and Francophiles in Calgary. Any candidate for the election of the mayor of Calgary is invited to contact us if they wish to organize a meeting with the Francophone and Francophile community.</em></p>
<p><a href="https://forms.cloud.microsoft/r/v0U6LfEFfc?origin=lprLink">Ask questions </a></p>
</td>
</tr>
</tbody>
</table>
<p>&nbsp;</p>
<p>[/et_pb_text][/et_pb_column][/et_pb_row][/et_pb_section]</p>

<p>Rencontre : Jeromy Farkas Les élections municipales s’en viennent le 20 octobre. Nous aurons à faire un choix important pour notre avenir ensemble à Calgary. Conscient des enjeux spécifiques auxquels [&hellip;]</p>

<p>Humoriste britannique, Paul Taylor vit à Paris depuis 2009. Passionné de stand-up, il fait ses débuts sur scène en 2016 avec son premier spectacle bilingue « <i><strong>#FRANGLAIS</strong></i> ». Un show dans lequel il nous fait partager ses expériences d’expatrié en France, souvent liées aux quiproquos linguistiques.</p><p>Entre 2016 et 2019, Paul a également créé du contenu audiovisuel pour le groupe Canal +, d’abord avec ses programmes courts « <i><strong>What The Fuck France</strong></i> » et « <i><strong>What’s Up France</strong></i><strong> </strong>», puis avec sa série documentaire « <i><strong>Stereotrip</strong></i><strong> </strong>». Sa marque de fabrique : décrypter avec un humour décapant, mais toujours bienveillant, les petites manies et habitudes culturelles des Français et de nos voisins européens ! Grâce à ces formats, Paul devient très vite un phénomène sur les réseaux sociaux. Près de <strong>200 millions</strong> de vues cumulées, des milliers d’abonnés sur Instagram, Facebook ou encore YouTube. Il se transforme également en humoriste à succès, remplissant les salles les plus prestigieuses à Paris, en France et partout dans le monde.</p><p>Son deuxième spectacle « <strong><em>So British ou presque</em></strong> » débute alors en octobre 2019 et aborde des sujets plus personnels comme la parentalité et la crise d’identité. Après un arrêt brutal à cause de la crise sanitaire du Covid-19, Les représentations reprennent, le succès est à nouveau au rendez-vous. Paul jouera « So British… » et affichera <strong>COMPLET</strong> au <strong>Grand Rex</strong> à Paris ou encore <strong>l’O2 Sheperd’s Bush Empire</strong> à Londres, salle où il fera la captation de son spectacle, disponible dès à présent sur Youtube en intégralité.</p><p>Fin 2022, il décide de lancer son troisième spectacle, « <strong>Bisou Bye x</strong> ». D’abord en rodage à la Scala Paris, lors de 19 représentations affichant COMPLET, il a ensuite <strong>fêté ses 10 ans de carrière à la Cigale, le 4 janvier 2023</strong> ! Il sera à la Nouvelle Eve du 19 janvier au 1er avril 2023, puis partira en tournée dans le monde entier ! Le phénomène Taylor n’en est qu’à son début.</p>
