{"id":8437,"date":"2025-09-22T18:40:08","date_gmt":"2025-09-23T00:40:08","guid":{"rendered":"https:\/\/citedesrocheuses.com\/?post_type=tribe_events&#038;p=8437"},"modified":"2026-01-20T15:18:14","modified_gmt":"2026-01-20T21:18:14","slug":"cinema-la-venue-de-lavenir-5","status":"publish","type":"tribe_events","link":"https:\/\/citedesrocheuses.com\/en\/evenement\/cinema-la-venue-de-lavenir-5\/","title":{"rendered":"Cinema: La venue de l'avenir"},"content":{"rendered":"<p>[et_pb_section fb_built=\u00a0\u00bb1&Prime; _builder_version=\u00a0\u00bb4.27.4&Prime; collapsed=\u00a0\u00bboff\u00a0\u00bb global_colors_info=\u00a0\u00bb{}\u00a0\u00bb][et_pb_row _builder_version=\u00a0\u00bb4.27.4&Prime; _module_preset=\u00a0\u00bbdefault\u00a0\u00bb link_option_url=\u00a0\u00bbCinema: L&rsquo;attachement\u00a0\u00bb locked=\u00a0\u00bboff\u00a0\u00bb global_colors_info=\u00a0\u00bb{}\u00a0\u00bb][et_pb_column type=\u00a0\u00bb4_4&Prime; _builder_version=\u00a0\u00bb4.20.2&Prime; _module_preset=\u00a0\u00bbdefault\u00a0\u00bb global_colors_info=\u00a0\u00bb{}\u00a0\u00bb][et_pb_button button_url=\u00a0\u00bbhttps:\/\/lepointdevente.com\/billets\/la-venue-de-l-avenir\u00a0\u00bb url_new_window=\u00a0\u00bbon\u00a0\u00bb button_text=\u00a0\u00bbBilletterie\u00a0\u00bb _builder_version=\u00a0\u00bb4.27.4&Prime; _module_preset=\u00a0\u00bbdefault\u00a0\u00bb global_colors_info=\u00a0\u00bb{}\u00a0\u00bb][\/et_pb_button][\/et_pb_column][\/et_pb_row][et_pb_row _builder_version=\u00a0\u00bb4.27.4&Prime; background_size=\u00a0\u00bbinitial\u00a0\u00bb background_position=\u00a0\u00bbtop_left\u00a0\u00bb background_repeat=\u00a0\u00bbrepeat\u00a0\u00bb global_colors_info=\u00a0\u00bb{}\u00a0\u00bb][et_pb_column type=\u00a0\u00bb4_4&Prime; _builder_version=\u00a0\u00bb4.16&Prime; custom_padding=\u00a0\u00bb|||\u00a0\u00bb global_colors_info=\u00a0\u00bb{}\u00a0\u00bb custom_padding__hover=\u00a0\u00bb|||\u00a0\u00bb][et_pb_text _builder_version=\u00a0\u00bb4.27.4&Prime; _module_preset=\u00a0\u00bbdefault\u00a0\u00bb global_colors_info=\u00a0\u00bb{}\u00a0\u00bb]<\/p>\n<h4 class=\"event-header-title\">La venue de l&rsquo;avenir<\/h4>\n<p>[\/et_pb_text][et_pb_text _builder_version=\u00a0\u00bb4.27.4&Prime; background_size=\u00a0\u00bbinitial\u00a0\u00bb background_position=\u00a0\u00bbtop_left\u00a0\u00bb background_repeat=\u00a0\u00bbrepeat\u00a0\u00bb global_colors_info=\u00a0\u00bb{}\u00a0\u00bb]<\/p>\n<div class=\"xdj266r x11i5rnm xat24cr x1mh8g0r x1vvkbs\">\n<p data-start=\"155\" data-end=\"241\"><strong data-start=\"155\" data-end=\"164\">Dur\u00e9e<\/strong> : 2 h 04<br data-start=\"173\" data-end=\"176\" \/><strong data-start=\"176\" data-end=\"197\">Film franco-belge<\/strong><br data-start=\"197\" data-end=\"200\" \/><strong data-start=\"200\" data-end=\"220\">Sortie au Qu\u00e9bec<\/strong> : 5 septembre 2025<\/p>\n<p data-start=\"243\" data-end=\"869\">Ne manquez pas cette com\u00e9die dramatique sensible et po\u00e9tique r\u00e9alis\u00e9e par <strong data-start=\"317\" data-end=\"336\">C\u00e9dric Klapisch<\/strong>, co\u00e9crite avec <strong data-start=\"352\" data-end=\"374\">Santiago Amigorena<\/strong>. Le film suit une trentaine de membres d\u2019une m\u00eame famille qui d\u00e9couvrent qu\u2019ils vont h\u00e9riter d\u2019une maison abandonn\u00e9e en Normandie. Parmi eux, quatre cousins \u00e9loign\u00e9s, Seb, Abdel, C\u00e9line et Guy, sont charg\u00e9s d\u2019en faire l\u2019\u00e9tat des lieux. \u00c0 l\u2019int\u00e9rieur, ils trouvent des tr\u00e9sors oubli\u00e9s et des indices qui les m\u00e8nent \u00e0 Ad\u00e8le, une myst\u00e9rieuse anc\u00eatre partie \u00e0 20 ans de la Normandie pour rejoindre Paris en 1895, \u00e0 l\u2019\u00e9poque o\u00f9 la photographie se d\u00e9veloppe et o\u00f9 l\u2019impressionnisme prend son essor.<\/p>\n<p data-start=\"871\" data-end=\"1151\">\u00c0 travers une narration qui oscille entre 1895 et 2024, C\u00e9dric Klapisch propose un voyage dans la m\u00e9moire familiale, interrogeant les liens invisibles qui nous unissent \u00e0 nos anc\u00eatres. C\u2019est une r\u00e9flexion touchante sur l\u2019h\u00e9ritage, l\u2019identit\u00e9 et les r\u00eaves qui fa\u00e7onnent l\u2019avenir.<\/p>\n<\/div>\n<p><iframe loading=\"lazy\" title=\"YouTube video player\" src=\"https:\/\/www.youtube.com\/embed\/CTHXknI3Hnc?si=PxBr70ZGcg0lnwS_\" width=\"560\" height=\"315\" frameborder=\"0\" allowfullscreen=\"allowfullscreen\"><\/iframe><br \/>\n[\/et_pb_text][\/et_pb_column][\/et_pb_row][\/et_pb_section]<\/p>\n","protected":false},"excerpt":{"rendered":"<p>La venue de l&rsquo;avenir Dur\u00e9e : 2 h 04Film franco-belgeSortie au Qu\u00e9bec : 5 septembre 2025 Ne manquez pas cette com\u00e9die dramatique sensible et po\u00e9tique r\u00e9alis\u00e9e par C\u00e9dric Klapisch, co\u00e9crite [&hellip;]<\/p>\n","protected":false},"author":1,"featured_media":9727,"template":"","meta":{"_et_pb_use_builder":"on","_et_pb_old_content":"<p>Humoriste britannique, Paul Taylor vit \u00e0 Paris depuis 2009. Passionn\u00e9 de stand-up, il fait ses d\u00e9buts sur sc\u00e8ne en 2016 avec son premier spectacle bilingue \u00ab\u00a0<i><strong>#FRANGLAIS<\/strong><\/i>\u00a0\u00bb. Un show dans lequel il nous fait partager ses exp\u00e9riences d\u2019expatri\u00e9 en France, souvent li\u00e9es aux quiproquos linguistiques.<\/p><p>Entre 2016 et 2019, Paul a \u00e9galement cr\u00e9\u00e9 du contenu audiovisuel pour le groupe Canal +, d\u2019abord avec ses programmes courts \u00ab\u00a0<i><strong>What The Fuck France<\/strong><\/i>\u00a0\u00bb et \u00ab\u00a0<i><strong>What\u2019s Up France<\/strong><\/i><strong>\u00a0<\/strong>\u00bb, puis avec sa s\u00e9rie documentaire \u00ab\u00a0<i><strong>Stereotrip<\/strong><\/i><strong>\u00a0<\/strong>\u00bb. Sa marque de fabrique : d\u00e9crypter avec un humour d\u00e9capant, mais toujours bienveillant, les petites manies et habitudes culturelles des Fran\u00e7ais et de nos voisins europ\u00e9ens\u00a0! Gr\u00e2ce \u00e0 ces formats, Paul devient tr\u00e8s vite un ph\u00e9nom\u00e8ne sur les r\u00e9seaux sociaux. Pr\u00e8s de\u00a0<strong>200 millions<\/strong>\u00a0de vues cumul\u00e9es, des milliers d\u2019abonn\u00e9s sur Instagram, Facebook ou encore YouTube. Il se transforme \u00e9galement en humoriste \u00e0 succ\u00e8s, remplissant les salles les plus prestigieuses \u00e0 Paris, en France et partout dans le monde.<\/p><p>Son deuxi\u00e8me spectacle \u00ab\u00a0<strong><em>So British ou presque<\/em><\/strong>\u00a0\u00bb d\u00e9bute alors en octobre 2019 et aborde des sujets plus personnels comme la parentalit\u00e9 et la crise d\u2019identit\u00e9. Apr\u00e8s un arr\u00eat brutal \u00e0 cause de la crise sanitaire du Covid-19, Les repr\u00e9sentations reprennent, le succ\u00e8s est \u00e0 nouveau au rendez-vous. Paul jouera \u00ab\u00a0So British\u2026\u00a0\u00bb et affichera\u00a0<strong>COMPLET<\/strong>\u00a0au\u00a0<strong>Grand Rex<\/strong>\u00a0\u00e0 Paris ou encore\u00a0<strong>l\u2019O2 Sheperd\u2019s Bush Empire<\/strong>\u00a0\u00e0 Londres, salle o\u00f9 il fera la captation de son spectacle, disponible d\u00e8s \u00e0 pr\u00e9sent sur Youtube en int\u00e9gralit\u00e9.<\/p><p>Fin 2022, il d\u00e9cide de lancer son troisi\u00e8me spectacle, \u00ab\u00a0<strong>Bisou Bye\u00a0x<\/strong>\u00a0\u00bb. D\u2019abord en rodage \u00e0 la Scala Paris, lors de 19 repr\u00e9sentations affichant COMPLET, il a ensuite\u00a0<strong>f\u00eat\u00e9 ses 10 ans de carri\u00e8re \u00e0 la Cigale, le 4 janvier 2023<\/strong>\u00a0! Il sera \u00e0 la Nouvelle Eve du 19 janvier au 1er\u00a0avril 2023, puis partira en tourn\u00e9e dans le monde entier\u00a0! Le ph\u00e9nom\u00e8ne Taylor n\u2019en est qu\u2019\u00e0 son d\u00e9but.<\/p>","_et_gb_content_width":"","_tribe_events_status":"","_tribe_events_status_reason":"","footnotes":""},"tags":[],"tribe_events_cat":[42,56],"class_list":["post-8437","tribe_events","type-tribe_events","status-publish","has-post-thumbnail","hentry","tribe_events_cat-cinema","tribe_events_cat-cite-des-rocheuses","cat_cinema","cat_cite-des-rocheuses"],"_links":{"self":[{"href":"https:\/\/citedesrocheuses.com\/en\/wp-json\/wp\/v2\/tribe_events\/8437","targetHints":{"allow":["GET"]}}],"collection":[{"href":"https:\/\/citedesrocheuses.com\/en\/wp-json\/wp\/v2\/tribe_events"}],"about":[{"href":"https:\/\/citedesrocheuses.com\/en\/wp-json\/wp\/v2\/types\/tribe_events"}],"author":[{"embeddable":true,"href":"https:\/\/citedesrocheuses.com\/en\/wp-json\/wp\/v2\/users\/1"}],"version-history":[{"count":0,"href":"https:\/\/citedesrocheuses.com\/en\/wp-json\/wp\/v2\/tribe_events\/8437\/revisions"}],"wp:featuredmedia":[{"embeddable":true,"href":"https:\/\/citedesrocheuses.com\/en\/wp-json\/wp\/v2\/media\/9727"}],"wp:attachment":[{"href":"https:\/\/citedesrocheuses.com\/en\/wp-json\/wp\/v2\/media?parent=8437"}],"wp:term":[{"taxonomy":"post_tag","embeddable":true,"href":"https:\/\/citedesrocheuses.com\/en\/wp-json\/wp\/v2\/tags?post=8437"},{"taxonomy":"tribe_events_cat","embeddable":true,"href":"https:\/\/citedesrocheuses.com\/en\/wp-json\/wp\/v2\/tribe_events_cat?post=8437"}],"curies":[{"name":"wp","href":"https:\/\/api.w.org\/{rel}","templated":true}]}}

<p>[et_pb_section fb_built= »1&Prime; _builder_version= »4.27.4&Prime; collapsed= »off » global_colors_info= »{} »][et_pb_row _builder_version= »4.27.4&Prime; _module_preset= »default » link_option_url= »Cinema: L&rsquo;attachement » locked= »off » global_colors_info= »{} »][et_pb_column type= »4_4&Prime; _builder_version= »4.20.2&Prime; _module_preset= »default » global_colors_info= »{} »][et_pb_button button_url= »https://lepointdevente.com/billets/la-venue-de-l-avenir » url_new_window= »on » button_text= »Billetterie » _builder_version= »4.27.4&Prime; _module_preset= »default » global_colors_info= »{} »][/et_pb_button][/et_pb_column][/et_pb_row][et_pb_row _builder_version= »4.27.4&Prime; background_size= »initial » background_position= »top_left » background_repeat= »repeat » global_colors_info= »{} »][et_pb_column type= »4_4&Prime; _builder_version= »4.16&Prime; custom_padding= »||| » global_colors_info= »{} » custom_padding__hover= »||| »][et_pb_text _builder_version= »4.27.4&Prime; _module_preset= »default » global_colors_info= »{} »]</p>
<h4 class="event-header-title">La venue de l&rsquo;avenir</h4>
<p>[/et_pb_text][et_pb_text _builder_version= »4.27.4&Prime; background_size= »initial » background_position= »top_left » background_repeat= »repeat » global_colors_info= »{} »]</p>
<div class="xdj266r x11i5rnm xat24cr x1mh8g0r x1vvkbs">
<p data-start="155" data-end="241"><strong data-start="155" data-end="164">Durée</strong> : 2 h 04<br data-start="173" data-end="176" /><strong data-start="176" data-end="197">Film franco-belge</strong><br data-start="197" data-end="200" /><strong data-start="200" data-end="220">Sortie au Québec</strong> : 5 septembre 2025</p>
<p data-start="243" data-end="869">Ne manquez pas cette comédie dramatique sensible et poétique réalisée par <strong data-start="317" data-end="336">Cédric Klapisch</strong>, coécrite avec <strong data-start="352" data-end="374">Santiago Amigorena</strong>. Le film suit une trentaine de membres d’une même famille qui découvrent qu’ils vont hériter d’une maison abandonnée en Normandie. Parmi eux, quatre cousins éloignés, Seb, Abdel, Céline et Guy, sont chargés d’en faire l’état des lieux. À l’intérieur, ils trouvent des trésors oubliés et des indices qui les mènent à Adèle, une mystérieuse ancêtre partie à 20 ans de la Normandie pour rejoindre Paris en 1895, à l’époque où la photographie se développe et où l’impressionnisme prend son essor.</p>
<p data-start="871" data-end="1151">À travers une narration qui oscille entre 1895 et 2024, Cédric Klapisch propose un voyage dans la mémoire familiale, interrogeant les liens invisibles qui nous unissent à nos ancêtres. C’est une réflexion touchante sur l’héritage, l’identité et les rêves qui façonnent l’avenir.</p>
</div>
<p><iframe loading="lazy" title="YouTube video player" src="https://www.youtube.com/embed/CTHXknI3Hnc?si=PxBr70ZGcg0lnwS_" width="560" height="315" frameborder="0" allowfullscreen="allowfullscreen"></iframe><br />
[/et_pb_text][/et_pb_column][/et_pb_row][/et_pb_section]</p>

<p>La venue de l&rsquo;avenir Durée : 2 h 04Film franco-belgeSortie au Québec : 5 septembre 2025 Ne manquez pas cette comédie dramatique sensible et poétique réalisée par Cédric Klapisch, coécrite [&hellip;]</p>

<p>Humoriste britannique, Paul Taylor vit à Paris depuis 2009. Passionné de stand-up, il fait ses débuts sur scène en 2016 avec son premier spectacle bilingue « <i><strong>#FRANGLAIS</strong></i> ». Un show dans lequel il nous fait partager ses expériences d’expatrié en France, souvent liées aux quiproquos linguistiques.</p><p>Entre 2016 et 2019, Paul a également créé du contenu audiovisuel pour le groupe Canal +, d’abord avec ses programmes courts « <i><strong>What The Fuck France</strong></i> » et « <i><strong>What’s Up France</strong></i><strong> </strong>», puis avec sa série documentaire « <i><strong>Stereotrip</strong></i><strong> </strong>». Sa marque de fabrique : décrypter avec un humour décapant, mais toujours bienveillant, les petites manies et habitudes culturelles des Français et de nos voisins européens ! Grâce à ces formats, Paul devient très vite un phénomène sur les réseaux sociaux. Près de <strong>200 millions</strong> de vues cumulées, des milliers d’abonnés sur Instagram, Facebook ou encore YouTube. Il se transforme également en humoriste à succès, remplissant les salles les plus prestigieuses à Paris, en France et partout dans le monde.</p><p>Son deuxième spectacle « <strong><em>So British ou presque</em></strong> » débute alors en octobre 2019 et aborde des sujets plus personnels comme la parentalité et la crise d’identité. Après un arrêt brutal à cause de la crise sanitaire du Covid-19, Les représentations reprennent, le succès est à nouveau au rendez-vous. Paul jouera « So British… » et affichera <strong>COMPLET</strong> au <strong>Grand Rex</strong> à Paris ou encore <strong>l’O2 Sheperd’s Bush Empire</strong> à Londres, salle où il fera la captation de son spectacle, disponible dès à présent sur Youtube en intégralité.</p><p>Fin 2022, il décide de lancer son troisième spectacle, « <strong>Bisou Bye x</strong> ». D’abord en rodage à la Scala Paris, lors de 19 représentations affichant COMPLET, il a ensuite <strong>fêté ses 10 ans de carrière à la Cigale, le 4 janvier 2023</strong> ! Il sera à la Nouvelle Eve du 19 janvier au 1er avril 2023, puis partira en tournée dans le monde entier ! Le phénomène Taylor n’en est qu’à son début.</p>
