{"id":8280,"date":"2025-09-05T09:04:37","date_gmt":"2025-09-05T15:04:37","guid":{"rendered":"https:\/\/citedesrocheuses.com\/?post_type=tribe_events&#038;p=8280"},"modified":"2025-09-23T09:47:40","modified_gmt":"2025-09-23T15:47:40","slug":"cinema-moon-le-panda-fr","status":"publish","type":"tribe_events","link":"https:\/\/citedesrocheuses.com\/en\/evenement\/cinema-moon-le-panda-fr\/","title":{"rendered":"Cin\u00e9ma : Moon le panda (En fran\u00e7ais)"},"content":{"rendered":"<p>[et_pb_section fb_built=\u00a0\u00bb1&Prime; _builder_version=\u00a0\u00bb4.27.4&Prime; collapsed=\u00a0\u00bboff\u00a0\u00bb global_colors_info=\u00a0\u00bb{}\u00a0\u00bb][et_pb_row _builder_version=\u00a0\u00bb4.27.4&Prime; _module_preset=\u00a0\u00bbdefault\u00a0\u00bb link_option_url=\u00a0\u00bbCinema: L&rsquo;attachement\u00a0\u00bb locked=\u00a0\u00bboff\u00a0\u00bb global_colors_info=\u00a0\u00bb{}\u00a0\u00bb][et_pb_column type=\u00a0\u00bb4_4&Prime; _builder_version=\u00a0\u00bb4.20.2&Prime; _module_preset=\u00a0\u00bbdefault\u00a0\u00bb global_colors_info=\u00a0\u00bb{}\u00a0\u00bb][et_pb_button button_url=\u00a0\u00bbhttps:\/\/lepointdevente.com\/billets\/moon-le-panda\u00a0\u00bb url_new_window=\u00a0\u00bbon\u00a0\u00bb button_text=\u00a0\u00bbBilletterie\u00a0\u00bb _builder_version=\u00a0\u00bb4.27.4&Prime; _module_preset=\u00a0\u00bbdefault\u00a0\u00bb global_colors_info=\u00a0\u00bb{}\u00a0\u00bb][\/et_pb_button][\/et_pb_column][\/et_pb_row][et_pb_row _builder_version=\u00a0\u00bb4.27.4&Prime; background_size=\u00a0\u00bbinitial\u00a0\u00bb background_position=\u00a0\u00bbtop_left\u00a0\u00bb background_repeat=\u00a0\u00bbrepeat\u00a0\u00bb global_colors_info=\u00a0\u00bb{}\u00a0\u00bb][et_pb_column type=\u00a0\u00bb4_4&Prime; _builder_version=\u00a0\u00bb4.16&Prime; custom_padding=\u00a0\u00bb|||\u00a0\u00bb global_colors_info=\u00a0\u00bb{}\u00a0\u00bb custom_padding__hover=\u00a0\u00bb|||\u00a0\u00bb][et_pb_text _builder_version=\u00a0\u00bb4.27.4&Prime; _module_preset=\u00a0\u00bbdefault\u00a0\u00bb global_colors_info=\u00a0\u00bb{}\u00a0\u00bb]<\/p>\n<h4 class=\"event-header-title\">Moon le panda (En fran\u00e7ais)<\/h4>\n<p>[\/et_pb_text][et_pb_text _builder_version=\u00a0\u00bb4.27.4&Prime; background_size=\u00a0\u00bbinitial\u00a0\u00bb background_position=\u00a0\u00bbtop_left\u00a0\u00bb background_repeat=\u00a0\u00bbrepeat\u00a0\u00bb global_colors_info=\u00a0\u00bb{}\u00a0\u00bb]<\/p>\n<div class=\"xdj266r x11i5rnm xat24cr x1mh8g0r x1vvkbs\">\n<p style=\"text-align: center;\" data-start=\"111\" data-end=\"283\"><strong>Samedi 13 septembre 2025 \u2013 12h30 (fran\u00e7ais)<br \/>Samedi 20 septembre 2025 \u2013 12h30 (fran\u00e7ais)<br \/>Samedi 27 septembre 2025 \u2013 12h30 (fran\u00e7ais)<\/strong><\/p>\n<p data-start=\"111\" data-end=\"283\">Dur\u00e9e : 1 h 40 (100 minutes) <br data-start=\"181\" data-end=\"184\" \/><strong data-start=\"184\" data-end=\"205\">Film franco-belge<\/strong><br data-start=\"205\" data-end=\"208\" \/><strong data-start=\"208\" data-end=\"228\">Sortie en France<\/strong> : 9 avril 2025<\/p>\n<p data-start=\"285\" data-end=\"803\">Ne manquez pas cette tendre aventure familiale r\u00e9alis\u00e9e par <strong data-start=\"345\" data-end=\"366\">Gilles de Maistre<\/strong>, d\u2019apr\u00e8s un sc\u00e9nario de <strong data-start=\"391\" data-end=\"411\">Prune de Maistre<\/strong>. Le film raconte l\u2019histoire de <strong data-start=\"443\" data-end=\"451\">Tian<\/strong>, un gar\u00e7on de 12 ans envoy\u00e9 chez sa grand-m\u00e8re dans les montagnes myst\u00e9rieuses du Sichuan \u00e0 cause de ses mauvais r\u00e9sultats scolaires. L\u00e0, il fait une rencontre incroyable : un petit panda orphelin qu\u2019il nomme <strong data-start=\"661\" data-end=\"669\">Moon<\/strong>, avec lequel il noue une amiti\u00e9 secr\u00e8te, bouleversant \u00e0 jamais sa vie et celle de sa famille.<\/p>\n<p data-start=\"805\" data-end=\"1269\">\u00c0 travers une mise en sc\u00e8ne empreinte de po\u00e9sie, Gilles de Maistre explore les th\u00e8mes de la connexion entre l\u2019enfant et la nature, de la qu\u00eate de soi et de la transformation familiale. Loin d\u2019\u00eatre un simple conte animalier, <strong data-start=\"1029\" data-end=\"1046\">Moon le panda<\/strong> est un voyage \u00e9motionnel o\u00f9 les paysages du Sichuan deviennent des refuges d\u2019espoir, et o\u00f9 chaque regard entre Tian et Moon incarne un pont entre les mondes, le pass\u00e9 et le possible.<\/p>\n<p data-start=\"805\" data-end=\"1269\">\n<\/div>\n<p><iframe loading=\"lazy\" title=\"YouTube video player\" src=\"https:\/\/www.youtube.com\/embed\/WGhh3E8KI3o?si=hSVBGH6m-K24Kn8m\" width=\"560\" height=\"315\" frameborder=\"0\" allowfullscreen=\"allowfullscreen\"><\/iframe><\/p>\n<p>[\/et_pb_text][\/et_pb_column][\/et_pb_row][\/et_pb_section]<\/p>\n","protected":false},"excerpt":{"rendered":"<p>Moon le panda (En fran\u00e7ais) Samedi 13 septembre 2025 \u2013 12h30 (fran\u00e7ais)Samedi 20 septembre 2025 \u2013 12h30 (fran\u00e7ais)Samedi 27 septembre 2025 \u2013 12h30 (fran\u00e7ais) Dur\u00e9e : 1 h 40 (100 [&hellip;]<\/p>\n","protected":false},"author":2122,"featured_media":8281,"template":"","meta":{"_et_pb_use_builder":"on","_et_pb_old_content":"<p>Humoriste britannique, Paul Taylor vit \u00e0 Paris depuis 2009. Passionn\u00e9 de stand-up, il fait ses d\u00e9buts sur sc\u00e8ne en 2016 avec son premier spectacle bilingue \u00ab\u00a0<i><strong>#FRANGLAIS<\/strong><\/i>\u00a0\u00bb. Un show dans lequel il nous fait partager ses exp\u00e9riences d\u2019expatri\u00e9 en France, souvent li\u00e9es aux quiproquos linguistiques.<\/p><p>Entre 2016 et 2019, Paul a \u00e9galement cr\u00e9\u00e9 du contenu audiovisuel pour le groupe Canal +, d\u2019abord avec ses programmes courts \u00ab\u00a0<i><strong>What The Fuck France<\/strong><\/i>\u00a0\u00bb et \u00ab\u00a0<i><strong>What\u2019s Up France<\/strong><\/i><strong>\u00a0<\/strong>\u00bb, puis avec sa s\u00e9rie documentaire \u00ab\u00a0<i><strong>Stereotrip<\/strong><\/i><strong>\u00a0<\/strong>\u00bb. Sa marque de fabrique : d\u00e9crypter avec un humour d\u00e9capant, mais toujours bienveillant, les petites manies et habitudes culturelles des Fran\u00e7ais et de nos voisins europ\u00e9ens\u00a0! Gr\u00e2ce \u00e0 ces formats, Paul devient tr\u00e8s vite un ph\u00e9nom\u00e8ne sur les r\u00e9seaux sociaux. Pr\u00e8s de\u00a0<strong>200 millions<\/strong>\u00a0de vues cumul\u00e9es, des milliers d\u2019abonn\u00e9s sur Instagram, Facebook ou encore YouTube. Il se transforme \u00e9galement en humoriste \u00e0 succ\u00e8s, remplissant les salles les plus prestigieuses \u00e0 Paris, en France et partout dans le monde.<\/p><p>Son deuxi\u00e8me spectacle \u00ab\u00a0<strong><em>So British ou presque<\/em><\/strong>\u00a0\u00bb d\u00e9bute alors en octobre 2019 et aborde des sujets plus personnels comme la parentalit\u00e9 et la crise d\u2019identit\u00e9. Apr\u00e8s un arr\u00eat brutal \u00e0 cause de la crise sanitaire du Covid-19, Les repr\u00e9sentations reprennent, le succ\u00e8s est \u00e0 nouveau au rendez-vous. Paul jouera \u00ab\u00a0So British\u2026\u00a0\u00bb et affichera\u00a0<strong>COMPLET<\/strong>\u00a0au\u00a0<strong>Grand Rex<\/strong>\u00a0\u00e0 Paris ou encore\u00a0<strong>l\u2019O2 Sheperd\u2019s Bush Empire<\/strong>\u00a0\u00e0 Londres, salle o\u00f9 il fera la captation de son spectacle, disponible d\u00e8s \u00e0 pr\u00e9sent sur Youtube en int\u00e9gralit\u00e9.<\/p><p>Fin 2022, il d\u00e9cide de lancer son troisi\u00e8me spectacle, \u00ab\u00a0<strong>Bisou Bye\u00a0x<\/strong>\u00a0\u00bb. D\u2019abord en rodage \u00e0 la Scala Paris, lors de 19 repr\u00e9sentations affichant COMPLET, il a ensuite\u00a0<strong>f\u00eat\u00e9 ses 10 ans de carri\u00e8re \u00e0 la Cigale, le 4 janvier 2023<\/strong>\u00a0! Il sera \u00e0 la Nouvelle Eve du 19 janvier au 1er\u00a0avril 2023, puis partira en tourn\u00e9e dans le monde entier\u00a0! Le ph\u00e9nom\u00e8ne Taylor n\u2019en est qu\u2019\u00e0 son d\u00e9but.<\/p>","_et_gb_content_width":"","_tribe_events_status":"","_tribe_events_status_reason":"","footnotes":""},"tags":[],"tribe_events_cat":[42,56],"class_list":["post-8280","tribe_events","type-tribe_events","status-publish","has-post-thumbnail","hentry","tribe_events_cat-cinema","tribe_events_cat-cite-des-rocheuses","cat_cinema","cat_cite-des-rocheuses"],"_links":{"self":[{"href":"https:\/\/citedesrocheuses.com\/en\/wp-json\/wp\/v2\/tribe_events\/8280","targetHints":{"allow":["GET"]}}],"collection":[{"href":"https:\/\/citedesrocheuses.com\/en\/wp-json\/wp\/v2\/tribe_events"}],"about":[{"href":"https:\/\/citedesrocheuses.com\/en\/wp-json\/wp\/v2\/types\/tribe_events"}],"author":[{"embeddable":true,"href":"https:\/\/citedesrocheuses.com\/en\/wp-json\/wp\/v2\/users\/2122"}],"version-history":[{"count":0,"href":"https:\/\/citedesrocheuses.com\/en\/wp-json\/wp\/v2\/tribe_events\/8280\/revisions"}],"wp:featuredmedia":[{"embeddable":true,"href":"https:\/\/citedesrocheuses.com\/en\/wp-json\/wp\/v2\/media\/8281"}],"wp:attachment":[{"href":"https:\/\/citedesrocheuses.com\/en\/wp-json\/wp\/v2\/media?parent=8280"}],"wp:term":[{"taxonomy":"post_tag","embeddable":true,"href":"https:\/\/citedesrocheuses.com\/en\/wp-json\/wp\/v2\/tags?post=8280"},{"taxonomy":"tribe_events_cat","embeddable":true,"href":"https:\/\/citedesrocheuses.com\/en\/wp-json\/wp\/v2\/tribe_events_cat?post=8280"}],"curies":[{"name":"wp","href":"https:\/\/api.w.org\/{rel}","templated":true}]}}

Cinéma : Moon le panda (En français)

<p>[et_pb_section fb_built= »1&Prime; _builder_version= »4.27.4&Prime; collapsed= »off » global_colors_info= »{} »][et_pb_row _builder_version= »4.27.4&Prime; _module_preset= »default » link_option_url= »Cinema: L&rsquo;attachement » locked= »off » global_colors_info= »{} »][et_pb_column type= »4_4&Prime; _builder_version= »4.20.2&Prime; _module_preset= »default » global_colors_info= »{} »][et_pb_button button_url= »https://lepointdevente.com/billets/moon-le-panda » url_new_window= »on » button_text= »Billetterie » _builder_version= »4.27.4&Prime; _module_preset= »default » global_colors_info= »{} »][/et_pb_button][/et_pb_column][/et_pb_row][et_pb_row _builder_version= »4.27.4&Prime; background_size= »initial » background_position= »top_left » background_repeat= »repeat » global_colors_info= »{} »][et_pb_column type= »4_4&Prime; _builder_version= »4.16&Prime; custom_padding= »||| » global_colors_info= »{} » custom_padding__hover= »||| »][et_pb_text _builder_version= »4.27.4&Prime; _module_preset= »default » global_colors_info= »{} »]</p>
<h4 class="event-header-title">Moon le panda (En français)</h4>
<p>[/et_pb_text][et_pb_text _builder_version= »4.27.4&Prime; background_size= »initial » background_position= »top_left » background_repeat= »repeat » global_colors_info= »{} »]</p>
<div class="xdj266r x11i5rnm xat24cr x1mh8g0r x1vvkbs">
<p style="text-align: center;" data-start="111" data-end="283"><strong>Samedi 13 septembre 2025 – 12h30 (français)<br />Samedi 20 septembre 2025 – 12h30 (français)<br />Samedi 27 septembre 2025 – 12h30 (français)</strong></p>
<p data-start="111" data-end="283">Durée : 1 h 40 (100 minutes) <br data-start="181" data-end="184" /><strong data-start="184" data-end="205">Film franco-belge</strong><br data-start="205" data-end="208" /><strong data-start="208" data-end="228">Sortie en France</strong> : 9 avril 2025</p>
<p data-start="285" data-end="803">Ne manquez pas cette tendre aventure familiale réalisée par <strong data-start="345" data-end="366">Gilles de Maistre</strong>, d’après un scénario de <strong data-start="391" data-end="411">Prune de Maistre</strong>. Le film raconte l’histoire de <strong data-start="443" data-end="451">Tian</strong>, un garçon de 12 ans envoyé chez sa grand-mère dans les montagnes mystérieuses du Sichuan à cause de ses mauvais résultats scolaires. Là, il fait une rencontre incroyable : un petit panda orphelin qu’il nomme <strong data-start="661" data-end="669">Moon</strong>, avec lequel il noue une amitié secrète, bouleversant à jamais sa vie et celle de sa famille.</p>
<p data-start="805" data-end="1269">À travers une mise en scène empreinte de poésie, Gilles de Maistre explore les thèmes de la connexion entre l’enfant et la nature, de la quête de soi et de la transformation familiale. Loin d’être un simple conte animalier, <strong data-start="1029" data-end="1046">Moon le panda</strong> est un voyage émotionnel où les paysages du Sichuan deviennent des refuges d’espoir, et où chaque regard entre Tian et Moon incarne un pont entre les mondes, le passé et le possible.</p>
<p data-start="805" data-end="1269">
</div>
<p><iframe loading="lazy" title="YouTube video player" src="https://www.youtube.com/embed/WGhh3E8KI3o?si=hSVBGH6m-K24Kn8m" width="560" height="315" frameborder="0" allowfullscreen="allowfullscreen"></iframe></p>
<p>[/et_pb_text][/et_pb_column][/et_pb_row][/et_pb_section]</p>

<p>Moon le panda (En français) Samedi 13 septembre 2025 – 12h30 (français)Samedi 20 septembre 2025 – 12h30 (français)Samedi 27 septembre 2025 – 12h30 (français) Durée : 1 h 40 (100 [&hellip;]</p>

<p>Humoriste britannique, Paul Taylor vit à Paris depuis 2009. Passionné de stand-up, il fait ses débuts sur scène en 2016 avec son premier spectacle bilingue « <i><strong>#FRANGLAIS</strong></i> ». Un show dans lequel il nous fait partager ses expériences d’expatrié en France, souvent liées aux quiproquos linguistiques.</p><p>Entre 2016 et 2019, Paul a également créé du contenu audiovisuel pour le groupe Canal +, d’abord avec ses programmes courts « <i><strong>What The Fuck France</strong></i> » et « <i><strong>What’s Up France</strong></i><strong> </strong>», puis avec sa série documentaire « <i><strong>Stereotrip</strong></i><strong> </strong>». Sa marque de fabrique : décrypter avec un humour décapant, mais toujours bienveillant, les petites manies et habitudes culturelles des Français et de nos voisins européens ! Grâce à ces formats, Paul devient très vite un phénomène sur les réseaux sociaux. Près de <strong>200 millions</strong> de vues cumulées, des milliers d’abonnés sur Instagram, Facebook ou encore YouTube. Il se transforme également en humoriste à succès, remplissant les salles les plus prestigieuses à Paris, en France et partout dans le monde.</p><p>Son deuxième spectacle « <strong><em>So British ou presque</em></strong> » débute alors en octobre 2019 et aborde des sujets plus personnels comme la parentalité et la crise d’identité. Après un arrêt brutal à cause de la crise sanitaire du Covid-19, Les représentations reprennent, le succès est à nouveau au rendez-vous. Paul jouera « So British… » et affichera <strong>COMPLET</strong> au <strong>Grand Rex</strong> à Paris ou encore <strong>l’O2 Sheperd’s Bush Empire</strong> à Londres, salle où il fera la captation de son spectacle, disponible dès à présent sur Youtube en intégralité.</p><p>Fin 2022, il décide de lancer son troisième spectacle, « <strong>Bisou Bye x</strong> ». D’abord en rodage à la Scala Paris, lors de 19 représentations affichant COMPLET, il a ensuite <strong>fêté ses 10 ans de carrière à la Cigale, le 4 janvier 2023</strong> ! Il sera à la Nouvelle Eve du 19 janvier au 1er avril 2023, puis partira en tournée dans le monde entier ! Le phénomène Taylor n’en est qu’à son début.</p>
