{"id":8140,"date":"2025-08-19T13:14:40","date_gmt":"2025-08-19T19:14:40","guid":{"rendered":"https:\/\/citedesrocheuses.com\/?post_type=tribe_events&#038;p=8140"},"modified":"2026-01-20T13:15:38","modified_gmt":"2026-01-20T19:15:38","slug":"creons-ensemble-en-francais","status":"publish","type":"tribe_events","link":"https:\/\/citedesrocheuses.com\/en\/evenement\/creons-ensemble-en-francais\/","title":{"rendered":"Create together in French: Workshops and Exhibition"},"content":{"rendered":"<p>[et_pb_section fb_built=\u00a0\u00bb1&Prime; _builder_version=\u00a0\u00bb4.27.4&Prime; collapsed=\u00a0\u00bboff\u00a0\u00bb global_colors_info=\u00a0\u00bb{}\u00a0\u00bb][et_pb_row _builder_version=\u00a0\u00bb4.27.4&Prime; _module_preset=\u00a0\u00bbdefault\u00a0\u00bb locked=\u00a0\u00bboff\u00a0\u00bb global_colors_info=\u00a0\u00bb{}\u00a0\u00bb][et_pb_column type=\u00a0\u00bb4_4&Prime; _builder_version=\u00a0\u00bb4.20.2&Prime; _module_preset=\u00a0\u00bbdefault\u00a0\u00bb global_colors_info=\u00a0\u00bb{}\u00a0\u00bb][et_pb_button button_url=\u00a0\u00bbhttps:\/\/lepointdevente.com\/billets\/creons-ensemble-en-francais\u00a0\u00bb button_text=\u00a0\u00bbBilletterie\u00a0\u00bb _builder_version=\u00a0\u00bb4.27.4&Prime; _module_preset=\u00a0\u00bbdefault\u00a0\u00bb global_colors_info=\u00a0\u00bb{}\u00a0\u00bb][\/et_pb_button][\/et_pb_column][\/et_pb_row][et_pb_row _builder_version=\u00a0\u00bb4.16&Prime; background_size=\u00a0\u00bbinitial\u00a0\u00bb background_position=\u00a0\u00bbtop_left\u00a0\u00bb background_repeat=\u00a0\u00bbrepeat\u00a0\u00bb global_colors_info=\u00a0\u00bb{}\u00a0\u00bb][et_pb_column type=\u00a0\u00bb4_4&Prime; _builder_version=\u00a0\u00bb4.16&Prime; custom_padding=\u00a0\u00bb|||\u00a0\u00bb global_colors_info=\u00a0\u00bb{}\u00a0\u00bb custom_padding__hover=\u00a0\u00bb|||\u00a0\u00bb][et_pb_text admin_label=\u00a0\u00bbTITRE\u00a0\u00bb _builder_version=\u00a0\u00bb4.27.4&Prime; _module_preset=\u00a0\u00bbdefault\u00a0\u00bb global_colors_info=\u00a0\u00bb{}\u00a0\u00bb]<\/p>\n<h1><strong>Cr\u00e9ons ensemble en fran\u00e7ais : Ateliers et exposition<\/strong><\/h1>\n<p>[\/et_pb_text][et_pb_text admin_label=\u00a0\u00bbDescription du spectacle\u00a0\u00bb _builder_version=\u00a0\u00bb4.27.4&Prime; background_size=\u00a0\u00bbinitial\u00a0\u00bb background_position=\u00a0\u00bbtop_left\u00a0\u00bb background_repeat=\u00a0\u00bbrepeat\u00a0\u00bb global_colors_info=\u00a0\u00bb{}\u00a0\u00bb]<\/p>\n<p>La Cit\u00e9 des Rocheuses invite les passionn\u00e9s de cr\u00e9ation, d\u00e9butants ou exp\u00e9riment\u00e9s, \u00e0 participer \u00e0 une s\u00e9rie de 8 ateliers artistiques en fran\u00e7ais, anim\u00e9s par l\u2019artiste visuelle et \u00e9ducatrice Sabine Lecorre-Moore.<\/p>\n<p>Ces ateliers sont ouverts aux adultes de toute la communaut\u00e9 : francophones, nouveaux arrivants et anglophones francophiles (activit\u00e9 en fran\u00e7ais). Ensemble, nous explorerons la peinture aquarelle et acrylique, le collage, le dessin, l\u2019abstraction, la th\u00e9orie des couleurs et la composition.<\/p>\n<p>6 premi\u00e8res s\u00e9ances : d\u00e9couverte et exp\u00e9rimentation de diff\u00e9rentes techniques artistiques.<\/p>\n<p>2 s\u00e9ances finales : cr\u00e9ation d\u2019une \u0153uvre personnelle inspir\u00e9e de votre propre d\u00e9marche.<\/p>\n<p>Vernissage : pr\u00e9sentation des \u0153uvres et partage de votre exp\u00e9rience cr\u00e9ative.<\/p>\n<p>Dates : 1er octobre <br \/>8 octobre<br \/>15 octobre<br \/>22 octobre<br \/>29 octobre<br \/>5 novembre<br \/>17 novembre<br \/>26 novembre<\/p>\n<p>Toutes les s\u00e9ances auront lieu de 18h \u00e0 20h.<\/p>\n<p>Lieu : La Cit\u00e9 des Rocheuses<br \/>Langue de l\u2019activit\u00e9 : fran\u00e7ais<br \/>Nombre de participants : 15<\/p>\n<p>\ud83d\udce9 Inscription : https:\/\/lepointdevente.com\/billets\/creons-ensemble-en-francais<\/p>\n<p>Rejoignez-nous pour vivre une exp\u00e9rience artistique et collective, et participer \u00e0 une exposition c\u00e9l\u00e9brant la diversit\u00e9 culturelle et linguistique de notre communaut\u00e9 !<\/p>\n<p>&nbsp;<\/p>\n<p>[\/et_pb_text][et_pb_text disabled_on=\u00a0\u00bbon|on|on\u00a0\u00bb _builder_version=\u00a0\u00bb4.27.4&Prime; _module_preset=\u00a0\u00bbdefault\u00a0\u00bb disabled=\u00a0\u00bbon\u00a0\u00bb global_colors_info=\u00a0\u00bb{}\u00a0\u00bb][\/et_pb_text][et_pb_text disabled_on=\u00a0\u00bbon|on|on\u00a0\u00bb _builder_version=\u00a0\u00bb4.22.1&Prime; _module_preset=\u00a0\u00bbdefault\u00a0\u00bb disabled=\u00a0\u00bbon\u00a0\u00bb global_colors_info=\u00a0\u00bb{}\u00a0\u00bb]<\/p>\n<p style=\"text-align: center;\"><strong>Spectacle anim\u00e9 par Fuat Seker<\/strong><\/p>\n<p>[\/et_pb_text][et_pb_image src=\u00a0\u00bbhttps:\/\/citedesrocheuses.com\/wp-content\/uploads\/2023\/09\/IciTele_TJ-ALB-Duo_300x450.jpg\u00a0\u00bb title_text=\u00a0\u00bbIciTe\u0301le\u0301_TJ-ALB-Duo_300x450&Prime; disabled_on=\u00a0\u00bbon|on|on\u00a0\u00bb _builder_version=\u00a0\u00bb4.23&Prime; _module_preset=\u00a0\u00bbdefault\u00a0\u00bb disabled=\u00a0\u00bbon\u00a0\u00bb global_colors_info=\u00a0\u00bb{}\u00a0\u00bb][\/et_pb_image][et_pb_text disabled_on=\u00a0\u00bbon|on|on\u00a0\u00bb _builder_version=\u00a0\u00bb4.22.1&Prime; _module_preset=\u00a0\u00bbdefault\u00a0\u00bb disabled=\u00a0\u00bbon\u00a0\u00bb global_colors_info=\u00a0\u00bb{}\u00a0\u00bb]<\/p>\n<p style=\"text-align: center;\">votre journaliste au t\u00e9l\u00e9journal le week-end.<\/p>\n<p>[\/et_pb_text][\/et_pb_column][\/et_pb_row][\/et_pb_section]<\/p>\n","protected":false},"excerpt":{"rendered":"<p>Cr\u00e9ons ensemble en fran\u00e7ais : Ateliers et expositionLa Cit\u00e9 des Rocheuses invite les passionn\u00e9s de cr\u00e9ation, d\u00e9butants ou exp\u00e9riment\u00e9s, \u00e0 participer \u00e0 une s\u00e9rie de 8 ateliers artistiques en fran\u00e7ais, [&hellip;]<\/p>\n","protected":false},"author":2122,"featured_media":9699,"template":"","meta":{"_et_pb_use_builder":"on","_et_pb_old_content":"<p>Humoriste britannique, Paul Taylor vit \u00e0 Paris depuis 2009. Passionn\u00e9 de stand-up, il fait ses d\u00e9buts sur sc\u00e8ne en 2016 avec son premier spectacle bilingue \u00ab\u00a0<i><strong>#FRANGLAIS<\/strong><\/i>\u00a0\u00bb. Un show dans lequel il nous fait partager ses exp\u00e9riences d\u2019expatri\u00e9 en France, souvent li\u00e9es aux quiproquos linguistiques.<\/p><p>Entre 2016 et 2019, Paul a \u00e9galement cr\u00e9\u00e9 du contenu audiovisuel pour le groupe Canal +, d\u2019abord avec ses programmes courts \u00ab\u00a0<i><strong>What The Fuck France<\/strong><\/i>\u00a0\u00bb et \u00ab\u00a0<i><strong>What\u2019s Up France<\/strong><\/i><strong>\u00a0<\/strong>\u00bb, puis avec sa s\u00e9rie documentaire \u00ab\u00a0<i><strong>Stereotrip<\/strong><\/i><strong>\u00a0<\/strong>\u00bb. Sa marque de fabrique : d\u00e9crypter avec un humour d\u00e9capant, mais toujours bienveillant, les petites manies et habitudes culturelles des Fran\u00e7ais et de nos voisins europ\u00e9ens\u00a0! Gr\u00e2ce \u00e0 ces formats, Paul devient tr\u00e8s vite un ph\u00e9nom\u00e8ne sur les r\u00e9seaux sociaux. Pr\u00e8s de\u00a0<strong>200 millions<\/strong>\u00a0de vues cumul\u00e9es, des milliers d\u2019abonn\u00e9s sur Instagram, Facebook ou encore YouTube. Il se transforme \u00e9galement en humoriste \u00e0 succ\u00e8s, remplissant les salles les plus prestigieuses \u00e0 Paris, en France et partout dans le monde.<\/p><p>Son deuxi\u00e8me spectacle \u00ab\u00a0<strong><em>So British ou presque<\/em><\/strong>\u00a0\u00bb d\u00e9bute alors en octobre 2019 et aborde des sujets plus personnels comme la parentalit\u00e9 et la crise d\u2019identit\u00e9. Apr\u00e8s un arr\u00eat brutal \u00e0 cause de la crise sanitaire du Covid-19, Les repr\u00e9sentations reprennent, le succ\u00e8s est \u00e0 nouveau au rendez-vous. Paul jouera \u00ab\u00a0So British\u2026\u00a0\u00bb et affichera\u00a0<strong>COMPLET<\/strong>\u00a0au\u00a0<strong>Grand Rex<\/strong>\u00a0\u00e0 Paris ou encore\u00a0<strong>l\u2019O2 Sheperd\u2019s Bush Empire<\/strong>\u00a0\u00e0 Londres, salle o\u00f9 il fera la captation de son spectacle, disponible d\u00e8s \u00e0 pr\u00e9sent sur Youtube en int\u00e9gralit\u00e9.<\/p><p>Fin 2022, il d\u00e9cide de lancer son troisi\u00e8me spectacle, \u00ab\u00a0<strong>Bisou Bye\u00a0x<\/strong>\u00a0\u00bb. D\u2019abord en rodage \u00e0 la Scala Paris, lors de 19 repr\u00e9sentations affichant COMPLET, il a ensuite\u00a0<strong>f\u00eat\u00e9 ses 10 ans de carri\u00e8re \u00e0 la Cigale, le 4 janvier 2023<\/strong>\u00a0! Il sera \u00e0 la Nouvelle Eve du 19 janvier au 1er\u00a0avril 2023, puis partira en tourn\u00e9e dans le monde entier\u00a0! Le ph\u00e9nom\u00e8ne Taylor n\u2019en est qu\u2019\u00e0 son d\u00e9but.<\/p>","_et_gb_content_width":"","_tribe_events_status":"","_tribe_events_status_reason":"","footnotes":""},"tags":[],"tribe_events_cat":[76,56],"class_list":["post-8140","tribe_events","type-tribe_events","status-publish","has-post-thumbnail","hentry","tribe_events_cat-art-plastique","tribe_events_cat-cite-des-rocheuses","cat_art-plastique","cat_cite-des-rocheuses"],"_links":{"self":[{"href":"https:\/\/citedesrocheuses.com\/en\/wp-json\/wp\/v2\/tribe_events\/8140","targetHints":{"allow":["GET"]}}],"collection":[{"href":"https:\/\/citedesrocheuses.com\/en\/wp-json\/wp\/v2\/tribe_events"}],"about":[{"href":"https:\/\/citedesrocheuses.com\/en\/wp-json\/wp\/v2\/types\/tribe_events"}],"author":[{"embeddable":true,"href":"https:\/\/citedesrocheuses.com\/en\/wp-json\/wp\/v2\/users\/2122"}],"version-history":[{"count":0,"href":"https:\/\/citedesrocheuses.com\/en\/wp-json\/wp\/v2\/tribe_events\/8140\/revisions"}],"wp:featuredmedia":[{"embeddable":true,"href":"https:\/\/citedesrocheuses.com\/en\/wp-json\/wp\/v2\/media\/9699"}],"wp:attachment":[{"href":"https:\/\/citedesrocheuses.com\/en\/wp-json\/wp\/v2\/media?parent=8140"}],"wp:term":[{"taxonomy":"post_tag","embeddable":true,"href":"https:\/\/citedesrocheuses.com\/en\/wp-json\/wp\/v2\/tags?post=8140"},{"taxonomy":"tribe_events_cat","embeddable":true,"href":"https:\/\/citedesrocheuses.com\/en\/wp-json\/wp\/v2\/tribe_events_cat?post=8140"}],"curies":[{"name":"wp","href":"https:\/\/api.w.org\/{rel}","templated":true}]}}

<p>[et_pb_section fb_built= »1&Prime; _builder_version= »4.27.4&Prime; collapsed= »off » global_colors_info= »{} »][et_pb_row _builder_version= »4.27.4&Prime; _module_preset= »default » locked= »off » global_colors_info= »{} »][et_pb_column type= »4_4&Prime; _builder_version= »4.20.2&Prime; _module_preset= »default » global_colors_info= »{} »][et_pb_button button_url= »https://lepointdevente.com/billets/creons-ensemble-en-francais » button_text= »Billetterie » _builder_version= »4.27.4&Prime; _module_preset= »default » global_colors_info= »{} »][/et_pb_button][/et_pb_column][/et_pb_row][et_pb_row _builder_version= »4.16&Prime; background_size= »initial » background_position= »top_left » background_repeat= »repeat » global_colors_info= »{} »][et_pb_column type= »4_4&Prime; _builder_version= »4.16&Prime; custom_padding= »||| » global_colors_info= »{} » custom_padding__hover= »||| »][et_pb_text admin_label= »TITRE » _builder_version= »4.27.4&Prime; _module_preset= »default » global_colors_info= »{} »]</p>
<h1><strong>Créons ensemble en français : Ateliers et exposition</strong></h1>
<p>[/et_pb_text][et_pb_text admin_label= »Description du spectacle » _builder_version= »4.27.4&Prime; background_size= »initial » background_position= »top_left » background_repeat= »repeat » global_colors_info= »{} »]</p>
<p>La Cité des Rocheuses invite les passionnés de création, débutants ou expérimentés, à participer à une série de 8 ateliers artistiques en français, animés par l’artiste visuelle et éducatrice Sabine Lecorre-Moore.</p>
<p>Ces ateliers sont ouverts aux adultes de toute la communauté : francophones, nouveaux arrivants et anglophones francophiles (activité en français). Ensemble, nous explorerons la peinture aquarelle et acrylique, le collage, le dessin, l’abstraction, la théorie des couleurs et la composition.</p>
<p>6 premières séances : découverte et expérimentation de différentes techniques artistiques.</p>
<p>2 séances finales : création d’une œuvre personnelle inspirée de votre propre démarche.</p>
<p>Vernissage : présentation des œuvres et partage de votre expérience créative.</p>
<p>Dates : 1er octobre <br />8 octobre<br />15 octobre<br />22 octobre<br />29 octobre<br />5 novembre<br />17 novembre<br />26 novembre</p>
<p>Toutes les séances auront lieu de 18h à 20h.</p>
<p>Lieu : La Cité des Rocheuses<br />Langue de l’activité : français<br />Nombre de participants : 15</p>
<p>📩 Inscription : https://lepointdevente.com/billets/creons-ensemble-en-francais</p>
<p>Rejoignez-nous pour vivre une expérience artistique et collective, et participer à une exposition célébrant la diversité culturelle et linguistique de notre communauté !</p>
<p>&nbsp;</p>
<p>[/et_pb_text][et_pb_text disabled_on= »on|on|on » _builder_version= »4.27.4&Prime; _module_preset= »default » disabled= »on » global_colors_info= »{} »][/et_pb_text][et_pb_text disabled_on= »on|on|on » _builder_version= »4.22.1&Prime; _module_preset= »default » disabled= »on » global_colors_info= »{} »]</p>
<p style="text-align: center;"><strong>Spectacle animé par Fuat Seker</strong></p>
<p>[/et_pb_text][et_pb_image src= »https://citedesrocheuses.com/wp-content/uploads/2023/09/IciTele_TJ-ALB-Duo_300x450.jpg » title_text= »IciTélé_TJ-ALB-Duo_300x450&Prime; disabled_on= »on|on|on » _builder_version= »4.23&Prime; _module_preset= »default » disabled= »on » global_colors_info= »{} »][/et_pb_image][et_pb_text disabled_on= »on|on|on » _builder_version= »4.22.1&Prime; _module_preset= »default » disabled= »on » global_colors_info= »{} »]</p>
<p style="text-align: center;">votre journaliste au téléjournal le week-end.</p>
<p>[/et_pb_text][/et_pb_column][/et_pb_row][/et_pb_section]</p>

<p>Créons ensemble en français : Ateliers et expositionLa Cité des Rocheuses invite les passionnés de création, débutants ou expérimentés, à participer à une série de 8 ateliers artistiques en français, [&hellip;]</p>

<p>Humoriste britannique, Paul Taylor vit à Paris depuis 2009. Passionné de stand-up, il fait ses débuts sur scène en 2016 avec son premier spectacle bilingue « <i><strong>#FRANGLAIS</strong></i> ». Un show dans lequel il nous fait partager ses expériences d’expatrié en France, souvent liées aux quiproquos linguistiques.</p><p>Entre 2016 et 2019, Paul a également créé du contenu audiovisuel pour le groupe Canal +, d’abord avec ses programmes courts « <i><strong>What The Fuck France</strong></i> » et « <i><strong>What’s Up France</strong></i><strong> </strong>», puis avec sa série documentaire « <i><strong>Stereotrip</strong></i><strong> </strong>». Sa marque de fabrique : décrypter avec un humour décapant, mais toujours bienveillant, les petites manies et habitudes culturelles des Français et de nos voisins européens ! Grâce à ces formats, Paul devient très vite un phénomène sur les réseaux sociaux. Près de <strong>200 millions</strong> de vues cumulées, des milliers d’abonnés sur Instagram, Facebook ou encore YouTube. Il se transforme également en humoriste à succès, remplissant les salles les plus prestigieuses à Paris, en France et partout dans le monde.</p><p>Son deuxième spectacle « <strong><em>So British ou presque</em></strong> » débute alors en octobre 2019 et aborde des sujets plus personnels comme la parentalité et la crise d’identité. Après un arrêt brutal à cause de la crise sanitaire du Covid-19, Les représentations reprennent, le succès est à nouveau au rendez-vous. Paul jouera « So British… » et affichera <strong>COMPLET</strong> au <strong>Grand Rex</strong> à Paris ou encore <strong>l’O2 Sheperd’s Bush Empire</strong> à Londres, salle où il fera la captation de son spectacle, disponible dès à présent sur Youtube en intégralité.</p><p>Fin 2022, il décide de lancer son troisième spectacle, « <strong>Bisou Bye x</strong> ». D’abord en rodage à la Scala Paris, lors de 19 représentations affichant COMPLET, il a ensuite <strong>fêté ses 10 ans de carrière à la Cigale, le 4 janvier 2023</strong> ! Il sera à la Nouvelle Eve du 19 janvier au 1er avril 2023, puis partira en tournée dans le monde entier ! Le phénomène Taylor n’en est qu’à son début.</p>
